{"id":957,"date":"2024-05-01T19:28:46","date_gmt":"2024-05-01T19:28:46","guid":{"rendered":"https:\/\/percorsipinerolo.it\/youthplus\/?page_id=957"},"modified":"2024-05-09T08:47:18","modified_gmt":"2024-05-09T08:47:18","slug":"it04-1-val-pellice","status":"publish","type":"page","link":"https:\/\/percorsipinerolo.it\/youthplus\/index.php\/it04-1-val-pellice\/","title":{"rendered":"IT04.1 Val Pellice"},"content":{"rendered":"\n<figure class=\"wp-block-image size-large\"><img loading=\"lazy\" decoding=\"async\" width=\"1024\" height=\"409\" src=\"https:\/\/percorsipinerolo.it\/youthplus\/wp-content\/uploads\/2024\/05\/Rifugio_Jervis_Conca_del_Pra_from_N-2-1024x409.jpg\" alt=\"\" class=\"wp-image-1792\" srcset=\"https:\/\/percorsipinerolo.it\/youthplus\/wp-content\/uploads\/2024\/05\/Rifugio_Jervis_Conca_del_Pra_from_N-2-1024x409.jpg 1024w, https:\/\/percorsipinerolo.it\/youthplus\/wp-content\/uploads\/2024\/05\/Rifugio_Jervis_Conca_del_Pra_from_N-2-300x120.jpg 300w, https:\/\/percorsipinerolo.it\/youthplus\/wp-content\/uploads\/2024\/05\/Rifugio_Jervis_Conca_del_Pra_from_N-2-768x306.jpg 768w, https:\/\/percorsipinerolo.it\/youthplus\/wp-content\/uploads\/2024\/05\/Rifugio_Jervis_Conca_del_Pra_from_N-2-1536x613.jpg 1536w, https:\/\/percorsipinerolo.it\/youthplus\/wp-content\/uploads\/2024\/05\/Rifugio_Jervis_Conca_del_Pra_from_N-2-2048x817.jpg 2048w\" sizes=\"auto, (max-width: 1024px) 100vw, 1024px\" \/><\/figure>\n\n\n\n<div class=\"wp-block-columns is-layout-flex wp-container-core-columns-is-layout-28f84493 wp-block-columns-is-layout-flex\">\n<div class=\"wp-block-column is-layout-flow wp-block-column-is-layout-flow\">\n<p><strong>PERCHE\u2019 CREARE UN ITINERARIO SULLA RESISTENZA?<\/strong><\/p>\n\n\n\n<p>Durante la Seconda guerra mondiale la Resistenza si svilupp\u00f2 nell&#8217;Italia centro-settentrionale, toccando quindi molti dei territori vicino a noi e nei quali viviamo. Se ne trovano tracce ovunque, in nomi di vie, antichi luoghi spesso non valorizzati, sconosciuti o ora adibiti ad altre funzioni.<br>Questo percorso nasce con l\u2019obiettivo di segnalare alcuni luoghi della lotta partigiana, collegandoli tra di loro in un percorso semplice ed organizzato, in modo da valorizzare un pezzo cos\u00ec importante della nostra storia<\/p>\n\n\n\n<p><strong>PERCHE\u2019 LA VAL PELLICE? Contesto storico<\/strong><\/p>\n\n\n\n<p>La Val Pellice rappresenta un punto fondamentale per la resistenza piemontese, in quanto essa offriva rifugio per la maggior parte dei torinesi in cerca di un luogo in cui ripararsi dai bombaramenti: le montagne. Centrale in questa vicenda di resistenza \u00e8 Torre Pellice, che in pochi anni pass\u00f2 da una popolazione di 5000 abitanti ad una di 7000. Tra di loro, molti uomini condividevano la linea politica di un partito antifascista, il Partito d&#8217;Azione. Tutto ci\u00f2, insieme a un ambiente favorevole per la presenza di nascondigli perch\u00e9 circondato completamente da montagne e boschi , port\u00f2 alla formazione di decine di gruppi partigiani. Nella seconda met\u00e0 di settembre 1943 se ne costituirono diversi, secondo un criterio geografico (gruppo delle Serre a Bobbio, diversi gruppi a Villar, dei Chabriols a Torre Pellice, del Bagnau sopra Pra del Torno e molti altri). Non mancarono, per\u00f2, i rastrellamenti e gli attacchi da parte delle SS, in particolare nel 1944, che obbligarono i partigiani a nascondersi e a rendere indecifrabili i loro spostamenti. La combinazione tra la necessit\u00e0 di opporsi e di nascondersi dal fascismo rendono la Val Pellice un luogo ricco di memoria e cultura: tipografie clandestine, caserme, piazze dedicate ai combattenti, monumenti e rari testimoni diretti come l\u2019ex partigiano Giulio Giordano, disponibile ad incontrare tutti coloro che vogliano sentire le sue preziose parole.<\/p>\n<\/div>\n<\/div>\n\n\n\n<p><strong>Punti di interesse:<\/strong><\/p>\n\n\n\n<ul class=\"wp-block-list\">\n<li><a href=\"https:\/\/percorsipinerolo.it\/youthplus\/index.php\/it04-1-01\/\" data-type=\"page\" data-id=\"959\"><strong>Monumento ai partigiani<\/strong> <\/a>( Via Beckwith, 16, 10066 Torre Pellice )<\/li>\n\n\n\n<li><strong><a href=\"https:\/\/percorsipinerolo.it\/youthplus\/index.php\/it04-1-02\/\">Tipografia alpina<\/a><\/strong> ( Via Arnaud, 23, 10066 Torre Pellice )<\/li>\n\n\n\n<li><a href=\"https:\/\/percorsipinerolo.it\/youthplus\/index.php\/it04-1-03\/\"><strong>Biblioteca delle Resistenze e Museo della Stampa Clandestina<\/strong> <\/a>( Via Arnaud, 30, 10066 Torre Pellice )<\/li>\n\n\n\n<li><strong><a href=\"https:\/\/percorsipinerolo.it\/youthplus\/index.php\/it04-1-04\/\">Bar Caff\u00e8 d\u2019Italia<\/a><\/strong> ( Via Repubblica, 6, 10066 Torre Pellice )<\/li>\n\n\n\n<li><strong><a href=\"https:\/\/percorsipinerolo.it\/youthplus\/index.php\/it04-1-05\/\">Localit\u00e0 Bagnau, lapide a Jacopo Lombardini<\/a><\/strong> ( Localit\u00e0 Bagnau )<\/li>\n\n\n\n<li><strong><a href=\"https:\/\/percorsipinerolo.it\/youthplus\/index.php\/it04-1-06\/\">Barma de l\u2019Ours<\/a><\/strong> ( Val d\u2019Angrogna )<\/li>\n<\/ul>\n\n\n\n<div style=\"text-align:center;\">\n<iframe loading=\"lazy\" width=\"100%\" height=\"300px\" frameborder=\"0\" allowfullscreen allow=\"geolocation\" src=\"\/\/umap.openstreetmap.fr\/it\/map\/itinerari-della-resistenza_1031082?scaleControl=false&#038;miniMap=false&#038;scrollWheelZoom=false&#038;zoomControl=true&#038;editMode=disabled&#038;moreControl=true&#038;searchControl=null&#038;tilelayersControl=null&#038;embedControl=null&#038;datalayersControl=true&#038;onLoadPanel=none&#038;captionBar=false&#038;captionMenus=true&#038;datalayers=e233f770-7a3e-4647-8fb8-0e91d0a44966%2C4669ce8a-1c6c-4f03-bb7b-0e53aaed7867#11\/44.8376\/7.1542\"><\/iframe><p><a href=\"\/\/umap.openstreetmap.fr\/it\/map\/itinerari-della-resistenza_1031082?scaleControl=false&#038;miniMap=false&#038;scrollWheelZoom=true&#038;zoomControl=true&#038;editMode=disabled&#038;moreControl=true&#038;searchControl=null&#038;tilelayersControl=null&#038;embedControl=null&#038;datalayersControl=true&#038;onLoadPanel=none&#038;captionBar=false&#038;captionMenus=true&#038;datalayers=e233f770-7a3e-4647-8fb8-0e91d0a44966%2C4669ce8a-1c6c-4f03-bb7b-0e53aaed7867#11\/44.8376\/7.1542\">Visualizza a schermo intero<\/a><\/p>\n<\/div>\n\n\n\n<p><strong>METODO E TEMPO DI PERCORRENZA:<\/strong><\/p>\n\n\n\n<p><strong>Abbiamo scelto 2 itinerari:<\/strong><\/p>\n\n\n\n<div class=\"wp-block-columns is-layout-flex wp-container-core-columns-is-layout-28f84493 wp-block-columns-is-layout-flex\">\n<div class=\"wp-block-column is-layout-flow wp-block-column-is-layout-flow\">\n<p>1.<strong><em>Centro storico di Torre Pellice<\/em><\/strong><\/p>\n<\/div>\n<\/div>\n\n\n\n<p><strong>TAPPA INIZIALE:<\/strong> <em>Torre Pellice, Stazione<\/em> (10066 Torre Pellice TO)<\/p>\n\n\n\n<p><strong>TAPPA FINALE:<\/strong> <em>Caff\u00e9 Italia <\/em>(Via Repubblica, 6, 10066 Torre Pellice TO)<\/p>\n\n\n\n<p><strong>TEMPO DI PERCORRENZA:<\/strong> (da un punto all\u2019altro)<br><br>&#8211; Stazione di Torre Pellice\/ Monumento Partigiani :<em> 15 min<\/em><br>&#8211; Monumento Partigiani \/ Tipografia Alpina : <em>5 min<\/em><br>&#8211; Tipografia Alpina\/ Museo della Resistenza: <em>4 min<\/em><br>&#8211; Biblioteca delle Resistenze e Museo della Stampa Clandestina\/ Caff\u00e8 Italia(punto finale) : <em>5 min<\/em><\/p>\n\n\n\n<p><strong>MEZZO CONSIGLIATO:<\/strong> <em>a piedi o in bici;<\/em> sconsigliato l\u2019uso della macchina perch\u00e9 sono luoghi molto vicini tra loro.<\/p>\n\n\n\n<p><strong>TEMPO TOTALE:<\/strong> <em>24 min<\/em> (senza fermarsi nelle tappe)<\/p>\n\n\n\n<p><strong>DISTANZA TOTALE:<\/strong> <em>2,4 km<\/em> <\/p>\n\n\n\n<p><strong>DIFFICOLTA\u2019:<\/strong> <em>minima<\/em><\/p>\n\n\n\n<p>2. <strong><em>Localit\u00e0 Rocciaglia<\/em><\/strong><\/p>\n\n\n\n<p><strong>TAPPA INIZIALE:<\/strong> <em>Rifugio Jumarre  <\/em>( Localita&#8217; Vaccera, 266, 10060 Angrogna TO )<\/p>\n\n\n\n<p><strong>TAPPA FINALE:<\/strong> <em>Barma de l\u2019Ours<\/em><\/p>\n\n\n\n<p><strong>TEMPO DI PERCORRENZA: <\/strong>(da un punto all\u2019altro a piedi \/ in bici \/ in macchina):<br><br>&#8211; Rifugio Jumarre\/ Lapide J.L. in localit\u00e0 Bagnau : <em>21 min \/ 8 min \/ 7 min<\/em><br>&#8211; Lapide J.L. in localit\u00e0 Bagnau\/ Barma de l\u2019Ours : <em>10 min \/ 5 min \/ \u2013<\/em><\/p>\n\n\n\n<p><strong>DISLIVELLO:<\/strong> <em>750 m<\/em> (Barma de l\u2019Ours)<\/p>\n\n\n\n<p><strong>DIFFICOLTA\u2019:<\/strong> <em>media<\/em><\/p>\n\n\n\n<p><\/p>\n\n\n\n<p><strong>Bibliografia \/ Sitografia:<\/strong><\/p>\n\n\n\n<ul class=\"wp-block-list\">\n<li>\u201cAssociazione Nazionale Partigiani d\u2019Italia\u201d ANPI&nbsp; <a href=\"https:\/\/www.anpi.it\/libri\/la-resistenza-italiana\">https:\/\/www.anpi.it\/libri\/la-resistenza-italiana<\/a><\/li>\n\n\n\n<li>\u201c<em>La resistenza nella valli valdesi<\/em>\u201d, Donatella Gay Rochat, Claudiana, 2006<\/li>\n<\/ul>\n","protected":false},"excerpt":{"rendered":"<p>PERCHE\u2019 CREARE UN ITINERARIO SULLA RESISTENZA? Durante la Seconda guerra mondiale la Resistenza si svilupp\u00f2 nell&#8217;Italia centro-settentrionale, toccando quindi molti dei territori vicino a noi e nei quali viviamo. Se ne trovano tracce ovunque, in nomi di vie, antichi luoghi spesso non valorizzati, sconosciuti o ora adibiti ad altre funzioni.Questo percorso nasce con l\u2019obiettivo di [&hellip;]<\/p>\n","protected":false},"author":2,"featured_media":0,"parent":0,"menu_order":0,"comment_status":"closed","ping_status":"closed","template":"","meta":{"_kadence_starter_templates_imported_post":false,"footnotes":""},"class_list":["post-957","page","type-page","status-publish","hentry"],"_links":{"self":[{"href":"https:\/\/percorsipinerolo.it\/youthplus\/index.php\/wp-json\/wp\/v2\/pages\/957","targetHints":{"allow":["GET"]}}],"collection":[{"href":"https:\/\/percorsipinerolo.it\/youthplus\/index.php\/wp-json\/wp\/v2\/pages"}],"about":[{"href":"https:\/\/percorsipinerolo.it\/youthplus\/index.php\/wp-json\/wp\/v2\/types\/page"}],"author":[{"embeddable":true,"href":"https:\/\/percorsipinerolo.it\/youthplus\/index.php\/wp-json\/wp\/v2\/users\/2"}],"replies":[{"embeddable":true,"href":"https:\/\/percorsipinerolo.it\/youthplus\/index.php\/wp-json\/wp\/v2\/comments?post=957"}],"version-history":[{"count":15,"href":"https:\/\/percorsipinerolo.it\/youthplus\/index.php\/wp-json\/wp\/v2\/pages\/957\/revisions"}],"predecessor-version":[{"id":1794,"href":"https:\/\/percorsipinerolo.it\/youthplus\/index.php\/wp-json\/wp\/v2\/pages\/957\/revisions\/1794"}],"wp:attachment":[{"href":"https:\/\/percorsipinerolo.it\/youthplus\/index.php\/wp-json\/wp\/v2\/media?parent=957"}],"curies":[{"name":"wp","href":"https:\/\/api.w.org\/{rel}","templated":true}]}}

<figure class="wp-block-image size-large"><img loading="lazy" decoding="async" width="1024" height="409" src="https://percorsipinerolo.it/youthplus/wp-content/uploads/2024/05/Rifugio_Jervis_Conca_del_Pra_from_N-2-1024x409.jpg" alt="" class="wp-image-1792" srcset="https://percorsipinerolo.it/youthplus/wp-content/uploads/2024/05/Rifugio_Jervis_Conca_del_Pra_from_N-2-1024x409.jpg 1024w, https://percorsipinerolo.it/youthplus/wp-content/uploads/2024/05/Rifugio_Jervis_Conca_del_Pra_from_N-2-300x120.jpg 300w, https://percorsipinerolo.it/youthplus/wp-content/uploads/2024/05/Rifugio_Jervis_Conca_del_Pra_from_N-2-768x306.jpg 768w, https://percorsipinerolo.it/youthplus/wp-content/uploads/2024/05/Rifugio_Jervis_Conca_del_Pra_from_N-2-1536x613.jpg 1536w, https://percorsipinerolo.it/youthplus/wp-content/uploads/2024/05/Rifugio_Jervis_Conca_del_Pra_from_N-2-2048x817.jpg 2048w" sizes="auto, (max-width: 1024px) 100vw, 1024px" /></figure>



<div class="wp-block-columns is-layout-flex wp-container-core-columns-is-layout-28f84493 wp-block-columns-is-layout-flex">
<div class="wp-block-column is-layout-flow wp-block-column-is-layout-flow">
<p><strong>PERCHE’ CREARE UN ITINERARIO SULLA RESISTENZA?</strong></p>



<p>Durante la Seconda guerra mondiale la Resistenza si sviluppò nell&#8217;Italia centro-settentrionale, toccando quindi molti dei territori vicino a noi e nei quali viviamo. Se ne trovano tracce ovunque, in nomi di vie, antichi luoghi spesso non valorizzati, sconosciuti o ora adibiti ad altre funzioni.<br>Questo percorso nasce con l’obiettivo di segnalare alcuni luoghi della lotta partigiana, collegandoli tra di loro in un percorso semplice ed organizzato, in modo da valorizzare un pezzo così importante della nostra storia</p>



<p><strong>PERCHE’ LA VAL PELLICE? Contesto storico</strong></p>



<p>La Val Pellice rappresenta un punto fondamentale per la resistenza piemontese, in quanto essa offriva rifugio per la maggior parte dei torinesi in cerca di un luogo in cui ripararsi dai bombaramenti: le montagne. Centrale in questa vicenda di resistenza è Torre Pellice, che in pochi anni passò da una popolazione di 5000 abitanti ad una di 7000. Tra di loro, molti uomini condividevano la linea politica di un partito antifascista, il Partito d&#8217;Azione. Tutto ciò, insieme a un ambiente favorevole per la presenza di nascondigli perché circondato completamente da montagne e boschi , portò alla formazione di decine di gruppi partigiani. Nella seconda metà di settembre 1943 se ne costituirono diversi, secondo un criterio geografico (gruppo delle Serre a Bobbio, diversi gruppi a Villar, dei Chabriols a Torre Pellice, del Bagnau sopra Pra del Torno e molti altri). Non mancarono, però, i rastrellamenti e gli attacchi da parte delle SS, in particolare nel 1944, che obbligarono i partigiani a nascondersi e a rendere indecifrabili i loro spostamenti. La combinazione tra la necessità di opporsi e di nascondersi dal fascismo rendono la Val Pellice un luogo ricco di memoria e cultura: tipografie clandestine, caserme, piazze dedicate ai combattenti, monumenti e rari testimoni diretti come l’ex partigiano Giulio Giordano, disponibile ad incontrare tutti coloro che vogliano sentire le sue preziose parole.</p>
</div>
</div>



<p><strong>Punti di interesse:</strong></p>



<ul class="wp-block-list">
<li><a href="https://percorsipinerolo.it/youthplus/index.php/it04-1-01/" data-type="page" data-id="959"><strong>Monumento ai partigiani</strong> </a>( Via Beckwith, 16, 10066 Torre Pellice )</li>



<li><strong><a href="https://percorsipinerolo.it/youthplus/index.php/it04-1-02/">Tipografia alpina</a></strong> ( Via Arnaud, 23, 10066 Torre Pellice )</li>



<li><a href="https://percorsipinerolo.it/youthplus/index.php/it04-1-03/"><strong>Biblioteca delle Resistenze e Museo della Stampa Clandestina</strong> </a>( Via Arnaud, 30, 10066 Torre Pellice )</li>



<li><strong><a href="https://percorsipinerolo.it/youthplus/index.php/it04-1-04/">Bar Caffè d’Italia</a></strong> ( Via Repubblica, 6, 10066 Torre Pellice )</li>



<li><strong><a href="https://percorsipinerolo.it/youthplus/index.php/it04-1-05/">Località Bagnau, lapide a Jacopo Lombardini</a></strong> ( Località Bagnau )</li>



<li><strong><a href="https://percorsipinerolo.it/youthplus/index.php/it04-1-06/">Barma de l’Ours</a></strong> ( Val d’Angrogna )</li>
</ul>



<div style="text-align:center;">
<iframe loading="lazy" width="100%" height="300px" frameborder="0" allowfullscreen allow="geolocation" src="//umap.openstreetmap.fr/it/map/itinerari-della-resistenza_1031082?scaleControl=false&#038;miniMap=false&#038;scrollWheelZoom=false&#038;zoomControl=true&#038;editMode=disabled&#038;moreControl=true&#038;searchControl=null&#038;tilelayersControl=null&#038;embedControl=null&#038;datalayersControl=true&#038;onLoadPanel=none&#038;captionBar=false&#038;captionMenus=true&#038;datalayers=e233f770-7a3e-4647-8fb8-0e91d0a44966%2C4669ce8a-1c6c-4f03-bb7b-0e53aaed7867#11/44.8376/7.1542"></iframe><p><a href="//umap.openstreetmap.fr/it/map/itinerari-della-resistenza_1031082?scaleControl=false&#038;miniMap=false&#038;scrollWheelZoom=true&#038;zoomControl=true&#038;editMode=disabled&#038;moreControl=true&#038;searchControl=null&#038;tilelayersControl=null&#038;embedControl=null&#038;datalayersControl=true&#038;onLoadPanel=none&#038;captionBar=false&#038;captionMenus=true&#038;datalayers=e233f770-7a3e-4647-8fb8-0e91d0a44966%2C4669ce8a-1c6c-4f03-bb7b-0e53aaed7867#11/44.8376/7.1542">Visualizza a schermo intero</a></p>
</div>



<p><strong>METODO E TEMPO DI PERCORRENZA:</strong></p>



<p><strong>Abbiamo scelto 2 itinerari:</strong></p>



<div class="wp-block-columns is-layout-flex wp-container-core-columns-is-layout-28f84493 wp-block-columns-is-layout-flex">
<div class="wp-block-column is-layout-flow wp-block-column-is-layout-flow">
<p>1.<strong><em>Centro storico di Torre Pellice</em></strong></p>
</div>
</div>



<p><strong>TAPPA INIZIALE:</strong> <em>Torre Pellice, Stazione</em> (10066 Torre Pellice TO)</p>



<p><strong>TAPPA FINALE:</strong> <em>Caffé Italia </em>(Via Repubblica, 6, 10066 Torre Pellice TO)</p>



<p><strong>TEMPO DI PERCORRENZA:</strong> (da un punto all’altro)<br><br>&#8211; Stazione di Torre Pellice/ Monumento Partigiani :<em> 15 min</em><br>&#8211; Monumento Partigiani / Tipografia Alpina : <em>5 min</em><br>&#8211; Tipografia Alpina/ Museo della Resistenza: <em>4 min</em><br>&#8211; Biblioteca delle Resistenze e Museo della Stampa Clandestina/ Caffè Italia(punto finale) : <em>5 min</em></p>



<p><strong>MEZZO CONSIGLIATO:</strong> <em>a piedi o in bici;</em> sconsigliato l’uso della macchina perché sono luoghi molto vicini tra loro.</p>



<p><strong>TEMPO TOTALE:</strong> <em>24 min</em> (senza fermarsi nelle tappe)</p>



<p><strong>DISTANZA TOTALE:</strong> <em>2,4 km</em> </p>



<p><strong>DIFFICOLTA’:</strong> <em>minima</em></p>



<p>2. <strong><em>Località Rocciaglia</em></strong></p>



<p><strong>TAPPA INIZIALE:</strong> <em>Rifugio Jumarre  </em>( Localita&#8217; Vaccera, 266, 10060 Angrogna TO )</p>



<p><strong>TAPPA FINALE:</strong> <em>Barma de l’Ours</em></p>



<p><strong>TEMPO DI PERCORRENZA: </strong>(da un punto all’altro a piedi / in bici / in macchina):<br><br>&#8211; Rifugio Jumarre/ Lapide J.L. in località Bagnau : <em>21 min / 8 min / 7 min</em><br>&#8211; Lapide J.L. in località Bagnau/ Barma de l’Ours : <em>10 min / 5 min / –</em></p>



<p><strong>DISLIVELLO:</strong> <em>750 m</em> (Barma de l’Ours)</p>



<p><strong>DIFFICOLTA’:</strong> <em>media</em></p>



<p></p>



<p><strong>Bibliografia / Sitografia:</strong></p>



<ul class="wp-block-list">
<li>“Associazione Nazionale Partigiani d’Italia” ANPI&nbsp; <a href="https://www.anpi.it/libri/la-resistenza-italiana">https://www.anpi.it/libri/la-resistenza-italiana</a></li>



<li>“<em>La resistenza nella valli valdesi</em>”, Donatella Gay Rochat, Claudiana, 2006</li>
</ul>

<p>PERCHE’ CREARE UN ITINERARIO SULLA RESISTENZA? Durante la Seconda guerra mondiale la Resistenza si sviluppò nell&#8217;Italia centro-settentrionale, toccando quindi molti dei territori vicino a noi e nei quali viviamo. Se ne trovano tracce ovunque, in nomi di vie, antichi luoghi spesso non valorizzati, sconosciuti o ora adibiti ad altre funzioni.Questo percorso nasce con l’obiettivo di [&hellip;]</p>
