{"id":935,"date":"2024-05-01T19:20:04","date_gmt":"2024-05-01T19:20:04","guid":{"rendered":"https:\/\/percorsipinerolo.it\/youthplus\/?page_id=935"},"modified":"2024-05-11T13:03:51","modified_gmt":"2024-05-11T13:03:51","slug":"it02-02","status":"publish","type":"page","link":"https:\/\/percorsipinerolo.it\/youthplus\/index.php\/it02-02\/","title":{"rendered":"IT02_02 &#8211; Monumento dedicato ai caduti nella Prima Guerra"},"content":{"rendered":"\n<div class=\"wp-block-columns is-layout-flex wp-container-core-columns-is-layout-28f84493 wp-block-columns-is-layout-flex\">\n<div class=\"wp-block-column is-layout-flow wp-block-column-is-layout-flow\">\n<figure class=\"wp-block-image aligncenter size-full is-resized\"><img loading=\"lazy\" decoding=\"async\" width=\"1024\" height=\"681\" src=\"https:\/\/percorsipinerolo.it\/youthplus\/wp-content\/uploads\/2024\/05\/ALPINI.jpg\" alt=\"\" class=\"wp-image-1055\" style=\"width:337px;height:auto\" srcset=\"https:\/\/percorsipinerolo.it\/youthplus\/wp-content\/uploads\/2024\/05\/ALPINI.jpg 1024w, https:\/\/percorsipinerolo.it\/youthplus\/wp-content\/uploads\/2024\/05\/ALPINI-300x200.jpg 300w, https:\/\/percorsipinerolo.it\/youthplus\/wp-content\/uploads\/2024\/05\/ALPINI-768x511.jpg 768w\" sizes=\"auto, (max-width: 1024px) 100vw, 1024px\" \/><\/figure>\n<\/div>\n\n\n\n<div class=\"wp-block-column is-layout-flow wp-block-column-is-layout-flow\">\n<p>Il monumento per i caduti della Grande Guerra viene inaugurato il 4 Novembre 1923 in occasione della visita del re Vittorio Emanuele III alla citt\u00e0 di Pinerolo. Situato nella piazza Terzo Alpini di Pinerolo, esso consiste in un emiciclo suddiviso in tre spazi, ognuno per le tre statue protagoniste di quest\u2019opera. <\/p>\n<\/div>\n<\/div>\n\n\n\n<p>I bronzi raffigurano, a partire da sinistra, un soldato che imbraccia un fucile in tenuta invernale, una figura femminile allegoria della Patria e un soldato ferito che si sorregge su di un fucile. Sui blocchi di granito sottostanti alle figure, vi sono scolpiti i nomi dei caduti nelle guerre risorgimentali e, pi\u00f9 in particolare sulle lastre marmoree, vi sono quelli risalenti alla II Guerra Mondiale. Una modifica al monumento \u00e8 stata effettuata poi il 25 Aprile 2006, occasione in cui \u00e8 stata posta una lastra in memoria dei caduti militari e civili deceduti in missioni umanitarie e di pace.<\/p>\n\n\n\n<p><strong>Geolocalizzazione<\/strong><\/p>\n\n\n\n<div class=\"wp-block-columns is-layout-flex wp-container-core-columns-is-layout-28f84493 wp-block-columns-is-layout-flex\">\n<div class=\"wp-block-column is-layout-flow wp-block-column-is-layout-flow\">\n<p>Qui a destra si vede il tracciato dell\u2019 IT02_02&nbsp;&#8211; Monumento dedicato ai caduti nella Prima Guerra, questo punto di interesse ne rappresenta la seconda tappa.<\/p>\n\n\n\n<p>Indirizzo: Piazza III Alpini, 10060, Pinerolo (TO)<\/p>\n<\/div>\n\n\n\n<div class=\"wp-block-column is-layout-flow wp-block-column-is-layout-flow\">\n<p class=\"has-text-align-center\"><\/p>\n\n\n\n<iframe loading=\"lazy\" width=\"100%\" height=\"300px\" frameborder=\"0\" allowfullscreen allow=\"geolocation\" src=\"\/\/umap.openstreetmap.fr\/it\/map\/itinerari-della-resistenza_1031082?scaleControl=false&#038;miniMap=false&#038;scrollWheelZoom=false&#038;zoomControl=true&#038;editMode=disabled&#038;moreControl=true&#038;searchControl=null&#038;tilelayersControl=null&#038;embedControl=null&#038;datalayersControl=true&#038;onLoadPanel=none&#038;captionBar=false&#038;captionMenus=true&#038;datalayers=7aaf7ee9-e8b8-4115-acf2-c922dc18f29d%2C93ec03a1-f334-41f7-b18c-04c73e3fa688#15\/44.8858\/7.3318\"><\/iframe><p><a href=\"\/\/umap.openstreetmap.fr\/it\/map\/itinerari-della-resistenza_1031082?scaleControl=false&#038;miniMap=false&#038;scrollWheelZoom=true&#038;zoomControl=true&#038;editMode=disabled&#038;moreControl=true&#038;searchControl=null&#038;tilelayersControl=null&#038;embedControl=null&#038;datalayersControl=true&#038;onLoadPanel=none&#038;captionBar=false&#038;captionMenus=true&#038;datalayers=7aaf7ee9-e8b8-4115-acf2-c922dc18f29d%2C93ec03a1-f334-41f7-b18c-04c73e3fa688#15\/44.8858\/7.3318\">Visualizza a schermo intero<\/a><\/p>\n<\/div>\n<\/div>\n\n\n\n<p><strong>Riferimenti bibliografici<\/strong><\/p>\n\n\n\n<ul class=\"wp-block-list\">\n<li><a href=\"https:\/\/loradelpellice.it\/4-novembre-1923-il-re-inaugura-il-monumento-ai-caduti-pinerolesi\/\">https:\/\/www.museotorino.it\/view\/s\/8a7d34379fb543fdb0d045ac56dbd79d<\/a> giornale che racconta le vicende di Pinerolo e dei dintorni: informazioni riguardo l\u2019inaugurazione del monumento<\/li>\n\n\n\n<li><a href=\"https:\/\/www.pietredellamemoria.it\/pietre\/monumento-ai-caduti-di-tutte-le-guerre-5\/\">https:\/\/www.pietredellamemoria.it\/pietre\/monumento-ai-caduti-di-tutte-le-guerre-5\/<\/a> racconta della storia di questo monumento<\/li>\n<\/ul>\n","protected":false},"excerpt":{"rendered":"<p>Il monumento per i caduti della Grande Guerra viene inaugurato il 4 Novembre 1923 in occasione della visita del re Vittorio Emanuele III alla citt\u00e0 di Pinerolo. Situato nella piazza Terzo Alpini di Pinerolo, esso consiste in un emiciclo suddiviso in tre spazi, ognuno per le tre statue protagoniste di quest\u2019opera. I bronzi raffigurano, a [&hellip;]<\/p>\n","protected":false},"author":2,"featured_media":0,"parent":0,"menu_order":0,"comment_status":"closed","ping_status":"closed","template":"","meta":{"_kadence_starter_templates_imported_post":false,"footnotes":""},"class_list":["post-935","page","type-page","status-publish","hentry"],"_links":{"self":[{"href":"https:\/\/percorsipinerolo.it\/youthplus\/index.php\/wp-json\/wp\/v2\/pages\/935","targetHints":{"allow":["GET"]}}],"collection":[{"href":"https:\/\/percorsipinerolo.it\/youthplus\/index.php\/wp-json\/wp\/v2\/pages"}],"about":[{"href":"https:\/\/percorsipinerolo.it\/youthplus\/index.php\/wp-json\/wp\/v2\/types\/page"}],"author":[{"embeddable":true,"href":"https:\/\/percorsipinerolo.it\/youthplus\/index.php\/wp-json\/wp\/v2\/users\/2"}],"replies":[{"embeddable":true,"href":"https:\/\/percorsipinerolo.it\/youthplus\/index.php\/wp-json\/wp\/v2\/comments?post=935"}],"version-history":[{"count":7,"href":"https:\/\/percorsipinerolo.it\/youthplus\/index.php\/wp-json\/wp\/v2\/pages\/935\/revisions"}],"predecessor-version":[{"id":1943,"href":"https:\/\/percorsipinerolo.it\/youthplus\/index.php\/wp-json\/wp\/v2\/pages\/935\/revisions\/1943"}],"wp:attachment":[{"href":"https:\/\/percorsipinerolo.it\/youthplus\/index.php\/wp-json\/wp\/v2\/media?parent=935"}],"curies":[{"name":"wp","href":"https:\/\/api.w.org\/{rel}","templated":true}]}}

<div class="wp-block-columns is-layout-flex wp-container-core-columns-is-layout-28f84493 wp-block-columns-is-layout-flex">
<div class="wp-block-column is-layout-flow wp-block-column-is-layout-flow">
<figure class="wp-block-image aligncenter size-full is-resized"><img loading="lazy" decoding="async" width="1024" height="681" src="https://percorsipinerolo.it/youthplus/wp-content/uploads/2024/05/ALPINI.jpg" alt="" class="wp-image-1055" style="width:337px;height:auto" srcset="https://percorsipinerolo.it/youthplus/wp-content/uploads/2024/05/ALPINI.jpg 1024w, https://percorsipinerolo.it/youthplus/wp-content/uploads/2024/05/ALPINI-300x200.jpg 300w, https://percorsipinerolo.it/youthplus/wp-content/uploads/2024/05/ALPINI-768x511.jpg 768w" sizes="auto, (max-width: 1024px) 100vw, 1024px" /></figure>
</div>



<div class="wp-block-column is-layout-flow wp-block-column-is-layout-flow">
<p>Il monumento per i caduti della Grande Guerra viene inaugurato il 4 Novembre 1923 in occasione della visita del re Vittorio Emanuele III alla città di Pinerolo. Situato nella piazza Terzo Alpini di Pinerolo, esso consiste in un emiciclo suddiviso in tre spazi, ognuno per le tre statue protagoniste di quest’opera. </p>
</div>
</div>



<p>I bronzi raffigurano, a partire da sinistra, un soldato che imbraccia un fucile in tenuta invernale, una figura femminile allegoria della Patria e un soldato ferito che si sorregge su di un fucile. Sui blocchi di granito sottostanti alle figure, vi sono scolpiti i nomi dei caduti nelle guerre risorgimentali e, più in particolare sulle lastre marmoree, vi sono quelli risalenti alla II Guerra Mondiale. Una modifica al monumento è stata effettuata poi il 25 Aprile 2006, occasione in cui è stata posta una lastra in memoria dei caduti militari e civili deceduti in missioni umanitarie e di pace.</p>



<p><strong>Geolocalizzazione</strong></p>



<div class="wp-block-columns is-layout-flex wp-container-core-columns-is-layout-28f84493 wp-block-columns-is-layout-flex">
<div class="wp-block-column is-layout-flow wp-block-column-is-layout-flow">
<p>Qui a destra si vede il tracciato dell’ IT02_02&nbsp;&#8211; Monumento dedicato ai caduti nella Prima Guerra, questo punto di interesse ne rappresenta la seconda tappa.</p>



<p>Indirizzo: Piazza III Alpini, 10060, Pinerolo (TO)</p>
</div>



<div class="wp-block-column is-layout-flow wp-block-column-is-layout-flow">
<p class="has-text-align-center"></p>



<iframe loading="lazy" width="100%" height="300px" frameborder="0" allowfullscreen allow="geolocation" src="//umap.openstreetmap.fr/it/map/itinerari-della-resistenza_1031082?scaleControl=false&#038;miniMap=false&#038;scrollWheelZoom=false&#038;zoomControl=true&#038;editMode=disabled&#038;moreControl=true&#038;searchControl=null&#038;tilelayersControl=null&#038;embedControl=null&#038;datalayersControl=true&#038;onLoadPanel=none&#038;captionBar=false&#038;captionMenus=true&#038;datalayers=7aaf7ee9-e8b8-4115-acf2-c922dc18f29d%2C93ec03a1-f334-41f7-b18c-04c73e3fa688#15/44.8858/7.3318"></iframe><p><a href="//umap.openstreetmap.fr/it/map/itinerari-della-resistenza_1031082?scaleControl=false&#038;miniMap=false&#038;scrollWheelZoom=true&#038;zoomControl=true&#038;editMode=disabled&#038;moreControl=true&#038;searchControl=null&#038;tilelayersControl=null&#038;embedControl=null&#038;datalayersControl=true&#038;onLoadPanel=none&#038;captionBar=false&#038;captionMenus=true&#038;datalayers=7aaf7ee9-e8b8-4115-acf2-c922dc18f29d%2C93ec03a1-f334-41f7-b18c-04c73e3fa688#15/44.8858/7.3318">Visualizza a schermo intero</a></p>
</div>
</div>



<p><strong>Riferimenti bibliografici</strong></p>



<ul class="wp-block-list">
<li><a href="https://loradelpellice.it/4-novembre-1923-il-re-inaugura-il-monumento-ai-caduti-pinerolesi/">https://www.museotorino.it/view/s/8a7d34379fb543fdb0d045ac56dbd79d</a> giornale che racconta le vicende di Pinerolo e dei dintorni: informazioni riguardo l’inaugurazione del monumento</li>



<li><a href="https://www.pietredellamemoria.it/pietre/monumento-ai-caduti-di-tutte-le-guerre-5/">https://www.pietredellamemoria.it/pietre/monumento-ai-caduti-di-tutte-le-guerre-5/</a> racconta della storia di questo monumento</li>
</ul>

<p>Il monumento per i caduti della Grande Guerra viene inaugurato il 4 Novembre 1923 in occasione della visita del re Vittorio Emanuele III alla città di Pinerolo. Situato nella piazza Terzo Alpini di Pinerolo, esso consiste in un emiciclo suddiviso in tre spazi, ognuno per le tre statue protagoniste di quest’opera. I bronzi raffigurano, a [&hellip;]</p>
