{"id":933,"date":"2024-05-01T19:19:47","date_gmt":"2024-05-01T19:19:47","guid":{"rendered":"https:\/\/percorsipinerolo.it\/youthplus\/?page_id=933"},"modified":"2024-05-11T13:03:24","modified_gmt":"2024-05-11T13:03:24","slug":"it02-01","status":"publish","type":"page","link":"https:\/\/percorsipinerolo.it\/youthplus\/index.php\/it02-01\/","title":{"rendered":"IT02_01 &#8211; Targa dedicata a Carlo e Nello Rosselli"},"content":{"rendered":"\n<div class=\"wp-block-columns is-layout-flex wp-container-core-columns-is-layout-28f84493 wp-block-columns-is-layout-flex\">\n<div class=\"wp-block-column is-layout-flow wp-block-column-is-layout-flow\">\n<figure class=\"wp-block-image aligncenter size-full is-resized\"><img loading=\"lazy\" decoding=\"async\" width=\"1200\" height=\"1600\" src=\"https:\/\/percorsipinerolo.it\/youthplus\/wp-content\/uploads\/2024\/05\/Rosselli.jpg\" alt=\"\" class=\"wp-image-1042\" style=\"width:280px;height:auto\" srcset=\"https:\/\/percorsipinerolo.it\/youthplus\/wp-content\/uploads\/2024\/05\/Rosselli.jpg 1200w, https:\/\/percorsipinerolo.it\/youthplus\/wp-content\/uploads\/2024\/05\/Rosselli-225x300.jpg 225w, https:\/\/percorsipinerolo.it\/youthplus\/wp-content\/uploads\/2024\/05\/Rosselli-768x1024.jpg 768w, https:\/\/percorsipinerolo.it\/youthplus\/wp-content\/uploads\/2024\/05\/Rosselli-1152x1536.jpg 1152w\" sizes=\"auto, (max-width: 1200px) 100vw, 1200px\" \/><\/figure>\n<\/div>\n\n\n\n<div class=\"wp-block-column is-layout-flow wp-block-column-is-layout-flow\">\n<p>La targa dedicata ai fratelli Rosselli si trova a Pinerolo (TO) all\u2019angolo tra Via Fratelli Rosselli e Via Montegrappa. I fratelli Carlo e Nello Rosselli furono due antifascisti italiani nati a Roma rispettivamente nel 1899 e nel 1900.&nbsp; Carlo e Nello vennero chiamati alle armi e svolsero operazioni militari tra il 1917 e il 1920, ottenendo i ruoli di ufficiale e sottotenente . Rientrati&nbsp; a Firenze intrapresero un percorso di studi che condurr\u00e0 Carlo ad ottenere la laurea in legge e scienze politiche e&nbsp; Nello in filosofia e filologia. Insieme a Salvemini e Calamandrei, i due fratelli costituirono il primo gruppo organizzato dell\u2019antifascismo italiano . <\/p>\n<\/div>\n<\/div>\n\n\n\n<p>A Firenze nel giugno 1924 venne fondata l\u2019associazione clandestina \u201cItalia libera\u201d&nbsp; in opposizione alle&nbsp; persecuzioni sempre pi\u00f9 opprimenti &nbsp; dei fascisti; nel gennaio 1925 fu pubblicato il giornale clandestino \u201cNon mollare\u201d. Lo squadrismo&nbsp; fascista&nbsp; organizz\u00f2 un\u2019offensiva particolarmente violenta a Firenze, con la cattura di numerosi esponenti partigiani, tra cui Salvemini.&nbsp; Anche i fratelli Rosselli entrarono nel mirino dei fascisti e furono costretti a fuggire da Firenze.&nbsp; Nel dicembre 1926 Carlo organizz\u00f2 insieme a Parri e Pertini l\u2019espatrio di Filippo Turati che gli coster\u00e0 la condanna al confino nell\u2019isola di Lipari, da cui riuscir\u00e0 a fuggire insieme a Lussu, rifugiandosi a Parigi. Qui fonder\u00e0 il movimento Giustizia e libert\u00e0 con il fine di promuovere l&#8217;insurrezione del popolo italiano contro il regime fascista, per instaurare una repubblica fondata sui valori della democrazia, della libert\u00e0 e della giustizia sociale. La pubblicazione dei \u201cQuaderni di Giustizia e Libert\u00e0\u201d rappresenta un importante momento di discussione&nbsp; ed elaborazione di una forma di \u201csocialismo liberale\u201d. Allo scoppio della guerra civile spagnola nel 1936, Carlo si arruola volontario al servizio della Repubblica attaccata dai franchisti: \u201cOggi in Spagna , domani in Italia\u201d sta ad indicare che la guerra in Spagna \u00e8 considerata il prologo di una successiva ribellione contro i fascismo in Italia. &nbsp; Il 9 giugno del&nbsp; 1937, mentre i due fratelli si trovavano vicino alla citt\u00e0 termale francese di Bagnoles-de-l\u2019Orne, in Normandia, furono oggetto di un\u2019imboscata sul ciglio della strada: Carlo e Nello vennero colpiti e&nbsp; assassinati da alcuni militanti di un gruppo dell\u2019estrema destra francese, su richiesta del regime fascista italiano.&nbsp; I fratelli Rosselli furono martiri della causa della libert\u00e0 e continuano a rappresentare l\u2019ideale di un&#8217;Italia socialmente giusta e democratica.<\/p>\n\n\n\n<p><strong>Geolocalizzazione<\/strong><\/p>\n\n\n\n<div class=\"wp-block-columns is-layout-flex wp-container-core-columns-is-layout-28f84493 wp-block-columns-is-layout-flex\">\n<div class=\"wp-block-column is-layout-flow wp-block-column-is-layout-flow\">\n<p>Qui a destra si vede il tracciato dell\u2019 IT02_01&nbsp;&#8211; Targa dedicata a Carlo e Nello Rosselli, questo punto di interesse ne rappresenta la prima tappa.<\/p>\n\n\n\n<p>Indirizzo: Via Fratelli Rosselli &amp; Via Montegrappa, 10060, Pinerolo (TO)<\/p>\n<\/div>\n\n\n\n<div class=\"wp-block-column is-layout-flow wp-block-column-is-layout-flow\">\n<p class=\"has-text-align-center\"><\/p>\n\n\n\n<iframe loading=\"lazy\" width=\"100%\" height=\"300px\" frameborder=\"0\" allowfullscreen allow=\"geolocation\" src=\"\/\/umap.openstreetmap.fr\/it\/map\/itinerari-della-resistenza_1031082?scaleControl=false&#038;miniMap=false&#038;scrollWheelZoom=false&#038;zoomControl=true&#038;editMode=disabled&#038;moreControl=true&#038;searchControl=null&#038;tilelayersControl=null&#038;embedControl=null&#038;datalayersControl=true&#038;onLoadPanel=none&#038;captionBar=false&#038;captionMenus=true&#038;datalayers=7aaf7ee9-e8b8-4115-acf2-c922dc18f29d%2C93ec03a1-f334-41f7-b18c-04c73e3fa688#15\/44.8858\/7.3318\"><\/iframe><p><a href=\"\/\/umap.openstreetmap.fr\/it\/map\/itinerari-della-resistenza_1031082?scaleControl=false&#038;miniMap=false&#038;scrollWheelZoom=true&#038;zoomControl=true&#038;editMode=disabled&#038;moreControl=true&#038;searchControl=null&#038;tilelayersControl=null&#038;embedControl=null&#038;datalayersControl=true&#038;onLoadPanel=none&#038;captionBar=false&#038;captionMenus=true&#038;datalayers=7aaf7ee9-e8b8-4115-acf2-c922dc18f29d%2C93ec03a1-f334-41f7-b18c-04c73e3fa688#15\/44.8858\/7.3318\">Visualizza a schermo intero<\/a><\/p>\n<\/div>\n<\/div>\n\n\n\n<p><strong>Riferimenti bibliografici<\/strong><\/p>\n\n\n\n<ul class=\"wp-block-list\">\n<li><a href=\"https:\/\/euractiv.it\/section\/capitali\/opinion\/perche-commemoriamo-i-fratelli-rosselli-e-quale-rilevanza-hanno-le-loro-vite-oggi\/\">https:\/\/euractiv.it\/section\/capitali\/opinion\/perche-commemoriamo-i-fratelli-rosselli-e-quale-rilevanza-hanno-le-loro-vite-oggi\/<\/a> sito EURACTIV riguardante la commemorazione dei fratelli Rosselli e la loro rilevanza storica al giorno d\u2019oggi;<\/li>\n\n\n\n<li><a href=\"http:\/\/treccani.it\/enciclopedia\/carlo-e-nello-rosselli_(altro)\/\">treccani.it\/enciclopedia\/carlo-e-nello-rosselli_(altro)\/<\/a> l\u2019Enciclopedia Treccani ci d\u00e0 informazioni riguardo la loro vita e la loro relazione con la politica durante il periodo della Resistenza.<\/li>\n<\/ul>\n","protected":false},"excerpt":{"rendered":"<p>La targa dedicata ai fratelli Rosselli si trova a Pinerolo (TO) all\u2019angolo tra Via Fratelli Rosselli e Via Montegrappa. I fratelli Carlo e Nello Rosselli furono due antifascisti italiani nati a Roma rispettivamente nel 1899 e nel 1900.&nbsp; Carlo e Nello vennero chiamati alle armi e svolsero operazioni militari tra il 1917 e il 1920, [&hellip;]<\/p>\n","protected":false},"author":2,"featured_media":0,"parent":0,"menu_order":0,"comment_status":"closed","ping_status":"closed","template":"","meta":{"_kadence_starter_templates_imported_post":false,"footnotes":""},"class_list":["post-933","page","type-page","status-publish","hentry"],"_links":{"self":[{"href":"https:\/\/percorsipinerolo.it\/youthplus\/index.php\/wp-json\/wp\/v2\/pages\/933","targetHints":{"allow":["GET"]}}],"collection":[{"href":"https:\/\/percorsipinerolo.it\/youthplus\/index.php\/wp-json\/wp\/v2\/pages"}],"about":[{"href":"https:\/\/percorsipinerolo.it\/youthplus\/index.php\/wp-json\/wp\/v2\/types\/page"}],"author":[{"embeddable":true,"href":"https:\/\/percorsipinerolo.it\/youthplus\/index.php\/wp-json\/wp\/v2\/users\/2"}],"replies":[{"embeddable":true,"href":"https:\/\/percorsipinerolo.it\/youthplus\/index.php\/wp-json\/wp\/v2\/comments?post=933"}],"version-history":[{"count":8,"href":"https:\/\/percorsipinerolo.it\/youthplus\/index.php\/wp-json\/wp\/v2\/pages\/933\/revisions"}],"predecessor-version":[{"id":1942,"href":"https:\/\/percorsipinerolo.it\/youthplus\/index.php\/wp-json\/wp\/v2\/pages\/933\/revisions\/1942"}],"wp:attachment":[{"href":"https:\/\/percorsipinerolo.it\/youthplus\/index.php\/wp-json\/wp\/v2\/media?parent=933"}],"curies":[{"name":"wp","href":"https:\/\/api.w.org\/{rel}","templated":true}]}}

<div class="wp-block-columns is-layout-flex wp-container-core-columns-is-layout-28f84493 wp-block-columns-is-layout-flex">
<div class="wp-block-column is-layout-flow wp-block-column-is-layout-flow">
<figure class="wp-block-image aligncenter size-full is-resized"><img loading="lazy" decoding="async" width="1200" height="1600" src="https://percorsipinerolo.it/youthplus/wp-content/uploads/2024/05/Rosselli.jpg" alt="" class="wp-image-1042" style="width:280px;height:auto" srcset="https://percorsipinerolo.it/youthplus/wp-content/uploads/2024/05/Rosselli.jpg 1200w, https://percorsipinerolo.it/youthplus/wp-content/uploads/2024/05/Rosselli-225x300.jpg 225w, https://percorsipinerolo.it/youthplus/wp-content/uploads/2024/05/Rosselli-768x1024.jpg 768w, https://percorsipinerolo.it/youthplus/wp-content/uploads/2024/05/Rosselli-1152x1536.jpg 1152w" sizes="auto, (max-width: 1200px) 100vw, 1200px" /></figure>
</div>



<div class="wp-block-column is-layout-flow wp-block-column-is-layout-flow">
<p>La targa dedicata ai fratelli Rosselli si trova a Pinerolo (TO) all’angolo tra Via Fratelli Rosselli e Via Montegrappa. I fratelli Carlo e Nello Rosselli furono due antifascisti italiani nati a Roma rispettivamente nel 1899 e nel 1900.&nbsp; Carlo e Nello vennero chiamati alle armi e svolsero operazioni militari tra il 1917 e il 1920, ottenendo i ruoli di ufficiale e sottotenente . Rientrati&nbsp; a Firenze intrapresero un percorso di studi che condurrà Carlo ad ottenere la laurea in legge e scienze politiche e&nbsp; Nello in filosofia e filologia. Insieme a Salvemini e Calamandrei, i due fratelli costituirono il primo gruppo organizzato dell’antifascismo italiano . </p>
</div>
</div>



<p>A Firenze nel giugno 1924 venne fondata l’associazione clandestina “Italia libera”&nbsp; in opposizione alle&nbsp; persecuzioni sempre più opprimenti &nbsp; dei fascisti; nel gennaio 1925 fu pubblicato il giornale clandestino “Non mollare”. Lo squadrismo&nbsp; fascista&nbsp; organizzò un’offensiva particolarmente violenta a Firenze, con la cattura di numerosi esponenti partigiani, tra cui Salvemini.&nbsp; Anche i fratelli Rosselli entrarono nel mirino dei fascisti e furono costretti a fuggire da Firenze.&nbsp; Nel dicembre 1926 Carlo organizzò insieme a Parri e Pertini l’espatrio di Filippo Turati che gli costerà la condanna al confino nell’isola di Lipari, da cui riuscirà a fuggire insieme a Lussu, rifugiandosi a Parigi. Qui fonderà il movimento Giustizia e libertà con il fine di promuovere l&#8217;insurrezione del popolo italiano contro il regime fascista, per instaurare una repubblica fondata sui valori della democrazia, della libertà e della giustizia sociale. La pubblicazione dei “Quaderni di Giustizia e Libertà” rappresenta un importante momento di discussione&nbsp; ed elaborazione di una forma di “socialismo liberale”. Allo scoppio della guerra civile spagnola nel 1936, Carlo si arruola volontario al servizio della Repubblica attaccata dai franchisti: “Oggi in Spagna , domani in Italia” sta ad indicare che la guerra in Spagna è considerata il prologo di una successiva ribellione contro i fascismo in Italia. &nbsp; Il 9 giugno del&nbsp; 1937, mentre i due fratelli si trovavano vicino alla città termale francese di Bagnoles-de-l’Orne, in Normandia, furono oggetto di un’imboscata sul ciglio della strada: Carlo e Nello vennero colpiti e&nbsp; assassinati da alcuni militanti di un gruppo dell’estrema destra francese, su richiesta del regime fascista italiano.&nbsp; I fratelli Rosselli furono martiri della causa della libertà e continuano a rappresentare l’ideale di un&#8217;Italia socialmente giusta e democratica.</p>



<p><strong>Geolocalizzazione</strong></p>



<div class="wp-block-columns is-layout-flex wp-container-core-columns-is-layout-28f84493 wp-block-columns-is-layout-flex">
<div class="wp-block-column is-layout-flow wp-block-column-is-layout-flow">
<p>Qui a destra si vede il tracciato dell’ IT02_01&nbsp;&#8211; Targa dedicata a Carlo e Nello Rosselli, questo punto di interesse ne rappresenta la prima tappa.</p>



<p>Indirizzo: Via Fratelli Rosselli &amp; Via Montegrappa, 10060, Pinerolo (TO)</p>
</div>



<div class="wp-block-column is-layout-flow wp-block-column-is-layout-flow">
<p class="has-text-align-center"></p>



<iframe loading="lazy" width="100%" height="300px" frameborder="0" allowfullscreen allow="geolocation" src="//umap.openstreetmap.fr/it/map/itinerari-della-resistenza_1031082?scaleControl=false&#038;miniMap=false&#038;scrollWheelZoom=false&#038;zoomControl=true&#038;editMode=disabled&#038;moreControl=true&#038;searchControl=null&#038;tilelayersControl=null&#038;embedControl=null&#038;datalayersControl=true&#038;onLoadPanel=none&#038;captionBar=false&#038;captionMenus=true&#038;datalayers=7aaf7ee9-e8b8-4115-acf2-c922dc18f29d%2C93ec03a1-f334-41f7-b18c-04c73e3fa688#15/44.8858/7.3318"></iframe><p><a href="//umap.openstreetmap.fr/it/map/itinerari-della-resistenza_1031082?scaleControl=false&#038;miniMap=false&#038;scrollWheelZoom=true&#038;zoomControl=true&#038;editMode=disabled&#038;moreControl=true&#038;searchControl=null&#038;tilelayersControl=null&#038;embedControl=null&#038;datalayersControl=true&#038;onLoadPanel=none&#038;captionBar=false&#038;captionMenus=true&#038;datalayers=7aaf7ee9-e8b8-4115-acf2-c922dc18f29d%2C93ec03a1-f334-41f7-b18c-04c73e3fa688#15/44.8858/7.3318">Visualizza a schermo intero</a></p>
</div>
</div>



<p><strong>Riferimenti bibliografici</strong></p>



<ul class="wp-block-list">
<li><a href="https://euractiv.it/section/capitali/opinion/perche-commemoriamo-i-fratelli-rosselli-e-quale-rilevanza-hanno-le-loro-vite-oggi/">https://euractiv.it/section/capitali/opinion/perche-commemoriamo-i-fratelli-rosselli-e-quale-rilevanza-hanno-le-loro-vite-oggi/</a> sito EURACTIV riguardante la commemorazione dei fratelli Rosselli e la loro rilevanza storica al giorno d’oggi;</li>



<li><a href="http://treccani.it/enciclopedia/carlo-e-nello-rosselli_(altro)/">treccani.it/enciclopedia/carlo-e-nello-rosselli_(altro)/</a> l’Enciclopedia Treccani ci dà informazioni riguardo la loro vita e la loro relazione con la politica durante il periodo della Resistenza.</li>
</ul>
