{"id":352,"date":"2024-04-28T16:53:31","date_gmt":"2024-04-28T16:53:31","guid":{"rendered":"https:\/\/percorsipinerolo.it\/youthplus\/?page_id=352"},"modified":"2024-05-01T14:04:01","modified_gmt":"2024-05-01T14:04:01","slug":"it01c-01","status":"publish","type":"page","link":"https:\/\/percorsipinerolo.it\/youthplus\/index.php\/it01c-01\/","title":{"rendered":"IT01c-01 LETTERA PER GIORGIO DIENA"},"content":{"rendered":"\n<p>In questa lettera, destinata a G.Diena, Viola racconta la morte del fratello di Giorgio, Paolo Diena, esprimendo il suo dolore e cercando di confortare i familiari.<\/p>\n\n\n\n<div style=\"height:34px\" aria-hidden=\"true\" class=\"wp-block-spacer\"><\/div>\n\n\n\n<blockquote class=\"wp-block-quote is-layout-flow wp-block-quote-is-layout-flow\">\n<p><\/p>\n<cite>Certamente ti stupirai vedendoti arrivare una mia lettera e forse meglio ancora non ti ricorderai pi\u00f9 chi io sia. Sono stata la settimana scorsa a trovare tua madre e siccome ha desiderio di farti avere sue notizie io ti scrivo. Essa si trova bene ed \u00e8 alquanto rassegnata al volere di Dio, certamente la dipartita del figlio \u00e8 per lei un grave colpo ma la sua forte tempra e il pensiero che l&#8217;altro suo figlio pu\u00f2 inviarle notizie le \u00e8 gi\u00e0 di sollievo. Sono stata vicina a Paolo nei suoi ultimi giorni dopo il lungo rastrellamento di Luglio e ho ammirato le sue grandi doti di uomo dedito al prossimo da meritare le lodi e il rimpianto di tutti e il suo sacrificio lascia dietro di s\u00e9 un profumo di bont\u00e0 e di esempio per i compagni. Serafino ti avr\u00e0 scritto come \u00e8 successa la sciagura e perci\u00f2 non mi dilungo a descriverti i particolari. Ho consegnato a tua madre le ultime cose di Paolo e cio\u00e8 il dentifricio poich\u00e9 si lavava i denti quando l&#8217;hanno ucciso, e gli occhiali. Siccome la Mamma tua ha paura di comprometterti e nello stesso tempo desidererebbe ricevere tue notizie sarebbe forse meglio che tu scrivessi a me tramite la 5 Div. G. L. indirizzando a Serafino ed io a mia volta la porterei a tua madre. Abbiamo fatto fare i ricordini pro memoria per Gay Enrico e Dario e Ezio Caffer e se non ti dispiace desidereremmo farli anche per il tuo povero Paolo. Ti invio intanto quelli di Enrico e fratelli Caffer. Ultimamente sono successe molte disgrazie e cosi la cattura di Roca e la morte di Lupo e altri due guastatori Puoi immaginare la nostra angoscia per tutti questi lutti Ti giungano i nostri pi\u00f9 cari saluti e migliori auguri Saluti affettuosi anche da parte di Gianni Gay e J.<br>Viola\u00a0\u00a0<\/cite><\/blockquote>\n\n\n\n<figure class=\"wp-block-video\"><video height=\"720\" style=\"aspect-ratio: 1280 \/ 720;\" width=\"1280\" controls src=\"https:\/\/percorsipinerolo.it\/youthplus\/wp-content\/uploads\/2024\/05\/LETTERA-PER-GIORGIO-DIENA.mp4\"><\/video><\/figure>\n","protected":false},"excerpt":{"rendered":"<p>In questa lettera, destinata a G.Diena, Viola racconta la morte del fratello di Giorgio, Paolo Diena, esprimendo il suo dolore e cercando di confortare i familiari. Certamente ti stupirai vedendoti arrivare una mia lettera e forse meglio ancora non ti ricorderai pi\u00f9 chi io sia. Sono stata la settimana scorsa a trovare tua madre e [&hellip;]<\/p>\n","protected":false},"author":2,"featured_media":0,"parent":0,"menu_order":0,"comment_status":"closed","ping_status":"closed","template":"","meta":{"_kadence_starter_templates_imported_post":false,"footnotes":""},"class_list":["post-352","page","type-page","status-publish","hentry"],"_links":{"self":[{"href":"https:\/\/percorsipinerolo.it\/youthplus\/index.php\/wp-json\/wp\/v2\/pages\/352","targetHints":{"allow":["GET"]}}],"collection":[{"href":"https:\/\/percorsipinerolo.it\/youthplus\/index.php\/wp-json\/wp\/v2\/pages"}],"about":[{"href":"https:\/\/percorsipinerolo.it\/youthplus\/index.php\/wp-json\/wp\/v2\/types\/page"}],"author":[{"embeddable":true,"href":"https:\/\/percorsipinerolo.it\/youthplus\/index.php\/wp-json\/wp\/v2\/users\/2"}],"replies":[{"embeddable":true,"href":"https:\/\/percorsipinerolo.it\/youthplus\/index.php\/wp-json\/wp\/v2\/comments?post=352"}],"version-history":[{"count":7,"href":"https:\/\/percorsipinerolo.it\/youthplus\/index.php\/wp-json\/wp\/v2\/pages\/352\/revisions"}],"predecessor-version":[{"id":896,"href":"https:\/\/percorsipinerolo.it\/youthplus\/index.php\/wp-json\/wp\/v2\/pages\/352\/revisions\/896"}],"wp:attachment":[{"href":"https:\/\/percorsipinerolo.it\/youthplus\/index.php\/wp-json\/wp\/v2\/media?parent=352"}],"curies":[{"name":"wp","href":"https:\/\/api.w.org\/{rel}","templated":true}]}}

<p>In questa lettera, destinata a G.Diena, Viola racconta la morte del fratello di Giorgio, Paolo Diena, esprimendo il suo dolore e cercando di confortare i familiari.</p>



<div style="height:34px" aria-hidden="true" class="wp-block-spacer"></div>



<blockquote class="wp-block-quote is-layout-flow wp-block-quote-is-layout-flow">
<p></p>
<cite>Certamente ti stupirai vedendoti arrivare una mia lettera e forse meglio ancora non ti ricorderai più chi io sia. Sono stata la settimana scorsa a trovare tua madre e siccome ha desiderio di farti avere sue notizie io ti scrivo. Essa si trova bene ed è alquanto rassegnata al volere di Dio, certamente la dipartita del figlio è per lei un grave colpo ma la sua forte tempra e il pensiero che l&#8217;altro suo figlio può inviarle notizie le è già di sollievo. Sono stata vicina a Paolo nei suoi ultimi giorni dopo il lungo rastrellamento di Luglio e ho ammirato le sue grandi doti di uomo dedito al prossimo da meritare le lodi e il rimpianto di tutti e il suo sacrificio lascia dietro di sé un profumo di bontà e di esempio per i compagni. Serafino ti avrà scritto come è successa la sciagura e perciò non mi dilungo a descriverti i particolari. Ho consegnato a tua madre le ultime cose di Paolo e cioè il dentifricio poiché si lavava i denti quando l&#8217;hanno ucciso, e gli occhiali. Siccome la Mamma tua ha paura di comprometterti e nello stesso tempo desidererebbe ricevere tue notizie sarebbe forse meglio che tu scrivessi a me tramite la 5 Div. G. L. indirizzando a Serafino ed io a mia volta la porterei a tua madre. Abbiamo fatto fare i ricordini pro memoria per Gay Enrico e Dario e Ezio Caffer e se non ti dispiace desidereremmo farli anche per il tuo povero Paolo. Ti invio intanto quelli di Enrico e fratelli Caffer. Ultimamente sono successe molte disgrazie e cosi la cattura di Roca e la morte di Lupo e altri due guastatori Puoi immaginare la nostra angoscia per tutti questi lutti Ti giungano i nostri più cari saluti e migliori auguri Saluti affettuosi anche da parte di Gianni Gay e J.<br>Viola  </cite></blockquote>



<figure class="wp-block-video"><video height="720" style="aspect-ratio: 1280 / 720;" width="1280" controls src="https://percorsipinerolo.it/youthplus/wp-content/uploads/2024/05/LETTERA-PER-GIORGIO-DIENA.mp4"></video></figure>

<p>In questa lettera, destinata a G.Diena, Viola racconta la morte del fratello di Giorgio, Paolo Diena, esprimendo il suo dolore e cercando di confortare i familiari. Certamente ti stupirai vedendoti arrivare una mia lettera e forse meglio ancora non ti ricorderai più chi io sia. Sono stata la settimana scorsa a trovare tua madre e [&hellip;]</p>
