{"id":332,"date":"2024-04-28T16:50:39","date_gmt":"2024-04-28T16:50:39","guid":{"rendered":"https:\/\/percorsipinerolo.it\/youthplus\/?page_id=332"},"modified":"2024-05-14T08:17:18","modified_gmt":"2024-05-14T08:17:18","slug":"it01a-06","status":"publish","type":"page","link":"https:\/\/percorsipinerolo.it\/youthplus\/index.php\/it01a-06\/","title":{"rendered":"IT01a-06 TRATTORIA DEI FIORI"},"content":{"rendered":"\n<div class=\"wp-block-columns is-layout-flex wp-container-core-columns-is-layout-28f84493 wp-block-columns-is-layout-flex\">\n<div class=\"wp-block-column is-layout-flow wp-block-column-is-layout-flow\">\n<p><strong>INDIRIZZO:<\/strong> Via Provinciale 100, 10060, INVERSO PINASCA<\/p>\n\n\n\n<p>Luogo appartenente alla famiglia Lageard, la <strong>Trattoria dei fiori<\/strong> (conosciuta anche &#8220;Fleccia&#8221;) fu un importante punto di riferimento per gli incontri tra i partigiani e i comandanti.<\/p>\n\n\n\n<p>Ettore Serafino trov\u00f2 spesso rifugio presso la trattoria.<\/p>\n\n\n\n<figure class=\"wp-block-image size-large\"><img loading=\"lazy\" decoding=\"async\" width=\"1024\" height=\"649\" src=\"https:\/\/percorsipinerolo.it\/youthplus\/wp-content\/uploads\/2024\/05\/0069024d-11e5-4195-adfd-f2a877f44374-1024x649.jpg\" alt=\"\" class=\"wp-image-734\" srcset=\"https:\/\/percorsipinerolo.it\/youthplus\/wp-content\/uploads\/2024\/05\/0069024d-11e5-4195-adfd-f2a877f44374-1024x649.jpg 1024w, https:\/\/percorsipinerolo.it\/youthplus\/wp-content\/uploads\/2024\/05\/0069024d-11e5-4195-adfd-f2a877f44374-300x190.jpg 300w, https:\/\/percorsipinerolo.it\/youthplus\/wp-content\/uploads\/2024\/05\/0069024d-11e5-4195-adfd-f2a877f44374-768x487.jpg 768w, https:\/\/percorsipinerolo.it\/youthplus\/wp-content\/uploads\/2024\/05\/0069024d-11e5-4195-adfd-f2a877f44374.jpg 1388w\" sizes=\"auto, (max-width: 1024px) 100vw, 1024px\" \/><\/figure>\n\n\n\n<figure class=\"wp-block-image size-large\"><img loading=\"lazy\" decoding=\"async\" width=\"1024\" height=\"768\" src=\"https:\/\/percorsipinerolo.it\/youthplus\/wp-content\/uploads\/2024\/05\/WhatsApp-Image-2024-04-11-at-13.22.19-1024x768.jpeg\" alt=\"\" class=\"wp-image-733\" srcset=\"https:\/\/percorsipinerolo.it\/youthplus\/wp-content\/uploads\/2024\/05\/WhatsApp-Image-2024-04-11-at-13.22.19-1024x768.jpeg 1024w, https:\/\/percorsipinerolo.it\/youthplus\/wp-content\/uploads\/2024\/05\/WhatsApp-Image-2024-04-11-at-13.22.19-300x225.jpeg 300w, https:\/\/percorsipinerolo.it\/youthplus\/wp-content\/uploads\/2024\/05\/WhatsApp-Image-2024-04-11-at-13.22.19-768x576.jpeg 768w, https:\/\/percorsipinerolo.it\/youthplus\/wp-content\/uploads\/2024\/05\/WhatsApp-Image-2024-04-11-at-13.22.19-1536x1152.jpeg 1536w, https:\/\/percorsipinerolo.it\/youthplus\/wp-content\/uploads\/2024\/05\/WhatsApp-Image-2024-04-11-at-13.22.19.jpeg 2040w\" sizes=\"auto, (max-width: 1024px) 100vw, 1024px\" \/><\/figure>\n<\/div>\n<\/div>\n\n\n\n<hr class=\"wp-block-separator has-alpha-channel-opacity\"\/>\n\n\n\n<h6 class=\"wp-block-heading has-text-align-center\"><em><strong><mark style=\"background-color:rgba(0, 0, 0, 0)\" class=\"has-inline-color has-foreground-color\">GEOLOCALIZZAZIONE<\/mark><\/strong><\/em><\/h6>\n\n\n\n<div class=\"wp-block-columns is-layout-flex wp-container-core-columns-is-layout-28f84493 wp-block-columns-is-layout-flex\">\n<div class=\"wp-block-column is-layout-flow wp-block-column-is-layout-flow\">\n<iframe loading=\"lazy\" width=\"100%\" height=\"300px\" frameborder=\"0\" allowfullscreen allow=\"geolocation\" src=\"\/\/umap.openstreetmap.fr\/it\/map\/itinerari-della-resistenza_1031082?scaleControl=false&#038;miniMap=false&#038;scrollWheelZoom=false&#038;zoomControl=true&#038;editMode=disabled&#038;moreControl=true&#038;searchControl=null&#038;tilelayersControl=null&#038;embedControl=null&#038;datalayersControl=true&#038;onLoadPanel=none&#038;captionBar=false&#038;captionMenus=true&#038;datalayers=fb3702a6-1060-4b9c-8853-9e82515eb09a%2Cf5b4d702-a1e5-423c-be83-804860937bdd#15\/44.8858\/7.3272\"><\/iframe><p><a href=\"\/\/umap.openstreetmap.fr\/it\/map\/itinerari-della-resistenza_1031082?scaleControl=false&#038;miniMap=false&#038;scrollWheelZoom=true&#038;zoomControl=true&#038;editMode=disabled&#038;moreControl=true&#038;searchControl=null&#038;tilelayersControl=null&#038;embedControl=null&#038;datalayersControl=true&#038;onLoadPanel=none&#038;captionBar=false&#038;captionMenus=true&#038;datalayers=fb3702a6-1060-4b9c-8853-9e82515eb09a%2Cf5b4d702-a1e5-423c-be83-804860937bdd#15\/44.8858\/7.3272\">Visualizza a schermo intero<\/a><\/p>\n<\/div>\n<\/div>\n\n\n\n<hr class=\"wp-block-separator has-alpha-channel-opacity\"\/>\n\n\n\n<h6 class=\"wp-block-heading has-text-align-center\"><strong><em><mark style=\"background-color:rgba(0, 0, 0, 0)\" class=\"has-inline-color has-foreground-color\">TESTIMONIANZE<\/mark><\/em><\/strong><\/h6>\n\n\n\n<details class=\"wp-block-details is-layout-flow wp-block-details-is-layout-flow\"><summary>Testimonianza di Ettore Serafino<\/summary>\n<blockquote class=\"wp-block-quote is-layout-flow wp-block-quote-is-layout-flow\">\n<p><\/p>\n<cite>&#8220;Di questa casa<br>non solo le mura,<br>ma soprattutto<br>il cuore, l&#8217;amore, il coraggio<br>di coloro che l&#8217;abitavano,<br>Lil\u00ec Lageard ed Ida Chambon<br>accolsero, protessero, aiutarono<br>col rischio continuo<br>coscientemente affrontato<br>della loro vita<br>i partigiani<br>della Divisione Alpina Aut. Val Ch.<br>nel tempo della lotta<br>di liberazione<br>dalla ferocia nazista<br>e dal giogo fascista&#8221;<\/cite><\/blockquote>\n\n\n\n<figure class=\"wp-block-image size-large\"><img loading=\"lazy\" decoding=\"async\" width=\"749\" height=\"1024\" src=\"https:\/\/percorsipinerolo.it\/youthplus\/wp-content\/uploads\/2024\/05\/3c6d721c-bc99-489d-a0aa-8fb6dddfcbfa-749x1024.jpg\" alt=\"\" class=\"wp-image-1206\" srcset=\"https:\/\/percorsipinerolo.it\/youthplus\/wp-content\/uploads\/2024\/05\/3c6d721c-bc99-489d-a0aa-8fb6dddfcbfa-749x1024.jpg 749w, https:\/\/percorsipinerolo.it\/youthplus\/wp-content\/uploads\/2024\/05\/3c6d721c-bc99-489d-a0aa-8fb6dddfcbfa-219x300.jpg 219w, https:\/\/percorsipinerolo.it\/youthplus\/wp-content\/uploads\/2024\/05\/3c6d721c-bc99-489d-a0aa-8fb6dddfcbfa-768x1050.jpg 768w, https:\/\/percorsipinerolo.it\/youthplus\/wp-content\/uploads\/2024\/05\/3c6d721c-bc99-489d-a0aa-8fb6dddfcbfa.jpg 1117w\" sizes=\"auto, (max-width: 749px) 100vw, 749px\" \/><\/figure>\n<\/details>\n\n\n\n<blockquote class=\"wp-block-quote is-layout-flow wp-block-quote-is-layout-flow\">\n<details class=\"wp-block-details is-layout-flow wp-block-details-is-layout-flow\"><summary>Testimonianza di Viola Lageard<\/summary>\n<blockquote class=\"wp-block-quote is-layout-flow wp-block-quote-is-layout-flow\">\n<p><\/p>\n<cite>\u201cRitornando a casa, a Fleccia di Inverso Pinasca, pensavo alle parole che avrei detto al comandante Ettore Serafino sulla morte del fratello e degli altri, ma lo trovai gi\u00e0 informato di quanto era successo. Aveva gi\u00e0 scritto alcune lettere per comunicare la triste notizia ai genitori ed ai comandanti della zona quando mi accorsi della presenza di truppe nel cortile.&nbsp; Al mio grido: \u201cI tedeschi, i tedeschi\u201d, Ettore Serafino balz\u00f2 fuori dalla stanza, scese le scale verso il cortile dove gi\u00e0 si trovavano i tedeschi e di corsa si precipit\u00f2 verso il Chisone inseguito dalle raffiche di mitra, Non indugiai, raccolsi i documenti ed il cappello alpino sparsi sul tavolo e li gettai sul tetto della casa.\u201d<\/cite><\/blockquote>\n<\/details>\n<\/blockquote>\n\n\n\n<hr class=\"wp-block-separator has-alpha-channel-opacity\"\/>\n\n\n\n<h6 class=\"wp-block-heading has-text-align-center\"><strong><em><mark style=\"background-color:rgba(0, 0, 0, 0)\" class=\"has-inline-color has-foreground-color\"><strong><em><mark style=\"background-color:rgba(0, 0, 0, 0)\" class=\"has-inline-color has-foreground-color\">RICONOSCIMENTI<\/mark><\/em><\/strong><\/mark><\/em><\/strong><\/h6>\n\n\n\n<ul class=\"wp-block-list\">\n<li>FOTO: Francesco Barale<\/li>\n\n\n\n<li>TESTIMONIANZA: CLARA BOUNUS, <em>Libere sempre, La Resistenza al femminile nelle valli valdesi<\/em>, LAR editore, Fano, 2024<\/li>\n<\/ul>\n","protected":false},"excerpt":{"rendered":"<p>INDIRIZZO: Via Provinciale 100, 10060, INVERSO PINASCA Luogo appartenente alla famiglia Lageard, la Trattoria dei fiori (conosciuta anche &#8220;Fleccia&#8221;) fu un importante punto di riferimento per gli incontri tra i partigiani e i comandanti. Ettore Serafino trov\u00f2 spesso rifugio presso la trattoria. GEOLOCALIZZAZIONE Visualizza a schermo intero TESTIMONIANZE RICONOSCIMENTI<\/p>\n","protected":false},"author":2,"featured_media":0,"parent":0,"menu_order":0,"comment_status":"closed","ping_status":"closed","template":"","meta":{"_kadence_starter_templates_imported_post":false,"footnotes":""},"class_list":["post-332","page","type-page","status-publish","hentry"],"_links":{"self":[{"href":"https:\/\/percorsipinerolo.it\/youthplus\/index.php\/wp-json\/wp\/v2\/pages\/332","targetHints":{"allow":["GET"]}}],"collection":[{"href":"https:\/\/percorsipinerolo.it\/youthplus\/index.php\/wp-json\/wp\/v2\/pages"}],"about":[{"href":"https:\/\/percorsipinerolo.it\/youthplus\/index.php\/wp-json\/wp\/v2\/types\/page"}],"author":[{"embeddable":true,"href":"https:\/\/percorsipinerolo.it\/youthplus\/index.php\/wp-json\/wp\/v2\/users\/2"}],"replies":[{"embeddable":true,"href":"https:\/\/percorsipinerolo.it\/youthplus\/index.php\/wp-json\/wp\/v2\/comments?post=332"}],"version-history":[{"count":16,"href":"https:\/\/percorsipinerolo.it\/youthplus\/index.php\/wp-json\/wp\/v2\/pages\/332\/revisions"}],"predecessor-version":[{"id":2086,"href":"https:\/\/percorsipinerolo.it\/youthplus\/index.php\/wp-json\/wp\/v2\/pages\/332\/revisions\/2086"}],"wp:attachment":[{"href":"https:\/\/percorsipinerolo.it\/youthplus\/index.php\/wp-json\/wp\/v2\/media?parent=332"}],"curies":[{"name":"wp","href":"https:\/\/api.w.org\/{rel}","templated":true}]}}

<div class="wp-block-columns is-layout-flex wp-container-core-columns-is-layout-28f84493 wp-block-columns-is-layout-flex">
<div class="wp-block-column is-layout-flow wp-block-column-is-layout-flow">
<p><strong>INDIRIZZO:</strong> Via Provinciale 100, 10060, INVERSO PINASCA</p>



<p>Luogo appartenente alla famiglia Lageard, la <strong>Trattoria dei fiori</strong> (conosciuta anche &#8220;Fleccia&#8221;) fu un importante punto di riferimento per gli incontri tra i partigiani e i comandanti.</p>



<p>Ettore Serafino trovò spesso rifugio presso la trattoria.</p>



<figure class="wp-block-image size-large"><img loading="lazy" decoding="async" width="1024" height="649" src="https://percorsipinerolo.it/youthplus/wp-content/uploads/2024/05/0069024d-11e5-4195-adfd-f2a877f44374-1024x649.jpg" alt="" class="wp-image-734" srcset="https://percorsipinerolo.it/youthplus/wp-content/uploads/2024/05/0069024d-11e5-4195-adfd-f2a877f44374-1024x649.jpg 1024w, https://percorsipinerolo.it/youthplus/wp-content/uploads/2024/05/0069024d-11e5-4195-adfd-f2a877f44374-300x190.jpg 300w, https://percorsipinerolo.it/youthplus/wp-content/uploads/2024/05/0069024d-11e5-4195-adfd-f2a877f44374-768x487.jpg 768w, https://percorsipinerolo.it/youthplus/wp-content/uploads/2024/05/0069024d-11e5-4195-adfd-f2a877f44374.jpg 1388w" sizes="auto, (max-width: 1024px) 100vw, 1024px" /></figure>



<figure class="wp-block-image size-large"><img loading="lazy" decoding="async" width="1024" height="768" src="https://percorsipinerolo.it/youthplus/wp-content/uploads/2024/05/WhatsApp-Image-2024-04-11-at-13.22.19-1024x768.jpeg" alt="" class="wp-image-733" srcset="https://percorsipinerolo.it/youthplus/wp-content/uploads/2024/05/WhatsApp-Image-2024-04-11-at-13.22.19-1024x768.jpeg 1024w, https://percorsipinerolo.it/youthplus/wp-content/uploads/2024/05/WhatsApp-Image-2024-04-11-at-13.22.19-300x225.jpeg 300w, https://percorsipinerolo.it/youthplus/wp-content/uploads/2024/05/WhatsApp-Image-2024-04-11-at-13.22.19-768x576.jpeg 768w, https://percorsipinerolo.it/youthplus/wp-content/uploads/2024/05/WhatsApp-Image-2024-04-11-at-13.22.19-1536x1152.jpeg 1536w, https://percorsipinerolo.it/youthplus/wp-content/uploads/2024/05/WhatsApp-Image-2024-04-11-at-13.22.19.jpeg 2040w" sizes="auto, (max-width: 1024px) 100vw, 1024px" /></figure>
</div>
</div>



<hr class="wp-block-separator has-alpha-channel-opacity"/>



<h6 class="wp-block-heading has-text-align-center"><em><strong><mark style="background-color:rgba(0, 0, 0, 0)" class="has-inline-color has-foreground-color">GEOLOCALIZZAZIONE</mark></strong></em></h6>



<div class="wp-block-columns is-layout-flex wp-container-core-columns-is-layout-28f84493 wp-block-columns-is-layout-flex">
<div class="wp-block-column is-layout-flow wp-block-column-is-layout-flow">
<iframe loading="lazy" width="100%" height="300px" frameborder="0" allowfullscreen allow="geolocation" src="//umap.openstreetmap.fr/it/map/itinerari-della-resistenza_1031082?scaleControl=false&#038;miniMap=false&#038;scrollWheelZoom=false&#038;zoomControl=true&#038;editMode=disabled&#038;moreControl=true&#038;searchControl=null&#038;tilelayersControl=null&#038;embedControl=null&#038;datalayersControl=true&#038;onLoadPanel=none&#038;captionBar=false&#038;captionMenus=true&#038;datalayers=fb3702a6-1060-4b9c-8853-9e82515eb09a%2Cf5b4d702-a1e5-423c-be83-804860937bdd#15/44.8858/7.3272"></iframe><p><a href="//umap.openstreetmap.fr/it/map/itinerari-della-resistenza_1031082?scaleControl=false&#038;miniMap=false&#038;scrollWheelZoom=true&#038;zoomControl=true&#038;editMode=disabled&#038;moreControl=true&#038;searchControl=null&#038;tilelayersControl=null&#038;embedControl=null&#038;datalayersControl=true&#038;onLoadPanel=none&#038;captionBar=false&#038;captionMenus=true&#038;datalayers=fb3702a6-1060-4b9c-8853-9e82515eb09a%2Cf5b4d702-a1e5-423c-be83-804860937bdd#15/44.8858/7.3272">Visualizza a schermo intero</a></p>
</div>
</div>



<hr class="wp-block-separator has-alpha-channel-opacity"/>



<h6 class="wp-block-heading has-text-align-center"><strong><em><mark style="background-color:rgba(0, 0, 0, 0)" class="has-inline-color has-foreground-color">TESTIMONIANZE</mark></em></strong></h6>



<details class="wp-block-details is-layout-flow wp-block-details-is-layout-flow"><summary>Testimonianza di Ettore Serafino</summary>
<blockquote class="wp-block-quote is-layout-flow wp-block-quote-is-layout-flow">
<p></p>
<cite>&#8220;Di questa casa<br>non solo le mura,<br>ma soprattutto<br>il cuore, l&#8217;amore, il coraggio<br>di coloro che l&#8217;abitavano,<br>Lilì Lageard ed Ida Chambon<br>accolsero, protessero, aiutarono<br>col rischio continuo<br>coscientemente affrontato<br>della loro vita<br>i partigiani<br>della Divisione Alpina Aut. Val Ch.<br>nel tempo della lotta<br>di liberazione<br>dalla ferocia nazista<br>e dal giogo fascista&#8221;</cite></blockquote>



<figure class="wp-block-image size-large"><img loading="lazy" decoding="async" width="749" height="1024" src="https://percorsipinerolo.it/youthplus/wp-content/uploads/2024/05/3c6d721c-bc99-489d-a0aa-8fb6dddfcbfa-749x1024.jpg" alt="" class="wp-image-1206" srcset="https://percorsipinerolo.it/youthplus/wp-content/uploads/2024/05/3c6d721c-bc99-489d-a0aa-8fb6dddfcbfa-749x1024.jpg 749w, https://percorsipinerolo.it/youthplus/wp-content/uploads/2024/05/3c6d721c-bc99-489d-a0aa-8fb6dddfcbfa-219x300.jpg 219w, https://percorsipinerolo.it/youthplus/wp-content/uploads/2024/05/3c6d721c-bc99-489d-a0aa-8fb6dddfcbfa-768x1050.jpg 768w, https://percorsipinerolo.it/youthplus/wp-content/uploads/2024/05/3c6d721c-bc99-489d-a0aa-8fb6dddfcbfa.jpg 1117w" sizes="auto, (max-width: 749px) 100vw, 749px" /></figure>
</details>



<blockquote class="wp-block-quote is-layout-flow wp-block-quote-is-layout-flow">
<details class="wp-block-details is-layout-flow wp-block-details-is-layout-flow"><summary>Testimonianza di Viola Lageard</summary>
<blockquote class="wp-block-quote is-layout-flow wp-block-quote-is-layout-flow">
<p></p>
<cite>“Ritornando a casa, a Fleccia di Inverso Pinasca, pensavo alle parole che avrei detto al comandante Ettore Serafino sulla morte del fratello e degli altri, ma lo trovai già informato di quanto era successo. Aveva già scritto alcune lettere per comunicare la triste notizia ai genitori ed ai comandanti della zona quando mi accorsi della presenza di truppe nel cortile.&nbsp; Al mio grido: “I tedeschi, i tedeschi”, Ettore Serafino balzò fuori dalla stanza, scese le scale verso il cortile dove già si trovavano i tedeschi e di corsa si precipitò verso il Chisone inseguito dalle raffiche di mitra, Non indugiai, raccolsi i documenti ed il cappello alpino sparsi sul tavolo e li gettai sul tetto della casa.”</cite></blockquote>
</details>
</blockquote>



<hr class="wp-block-separator has-alpha-channel-opacity"/>



<h6 class="wp-block-heading has-text-align-center"><strong><em><mark style="background-color:rgba(0, 0, 0, 0)" class="has-inline-color has-foreground-color"><strong><em><mark style="background-color:rgba(0, 0, 0, 0)" class="has-inline-color has-foreground-color">RICONOSCIMENTI</mark></em></strong></mark></em></strong></h6>



<ul class="wp-block-list">
<li>FOTO: Francesco Barale</li>



<li>TESTIMONIANZA: CLARA BOUNUS, <em>Libere sempre, La Resistenza al femminile nelle valli valdesi</em>, LAR editore, Fano, 2024</li>
</ul>

<p>INDIRIZZO: Via Provinciale 100, 10060, INVERSO PINASCA Luogo appartenente alla famiglia Lageard, la Trattoria dei fiori (conosciuta anche &#8220;Fleccia&#8221;) fu un importante punto di riferimento per gli incontri tra i partigiani e i comandanti. Ettore Serafino trovò spesso rifugio presso la trattoria. GEOLOCALIZZAZIONE Visualizza a schermo intero TESTIMONIANZE RICONOSCIMENTI</p>
