{"id":320,"date":"2024-04-28T16:48:35","date_gmt":"2024-04-28T16:48:35","guid":{"rendered":"https:\/\/percorsipinerolo.it\/youthplus\/?page_id=320"},"modified":"2024-05-14T07:48:33","modified_gmt":"2024-05-14T07:48:33","slug":"it01b-marcella-gay","status":"publish","type":"page","link":"https:\/\/percorsipinerolo.it\/youthplus\/index.php\/it01b-marcella-gay\/","title":{"rendered":"IT01b Marcella Gay"},"content":{"rendered":"\n<div class=\"wp-block-columns is-layout-flex wp-container-core-columns-is-layout-28f84493 wp-block-columns-is-layout-flex\">\n<div class=\"wp-block-column is-layout-flow wp-block-column-is-layout-flow\">\n<figure class=\"wp-block-image\"><img loading=\"lazy\" decoding=\"async\" width=\"1024\" height=\"724\" src=\"https:\/\/percorsipinerolo.it\/youthplus\/wp-content\/uploads\/2024\/04\/Marcella-Gay-1024x724.png\" alt=\"\" class=\"wp-image-473\" srcset=\"https:\/\/percorsipinerolo.it\/youthplus\/wp-content\/uploads\/2024\/04\/Marcella-Gay-1024x724.png 1024w, https:\/\/percorsipinerolo.it\/youthplus\/wp-content\/uploads\/2024\/04\/Marcella-Gay-300x212.png 300w, https:\/\/percorsipinerolo.it\/youthplus\/wp-content\/uploads\/2024\/04\/Marcella-Gay-768x543.png 768w, https:\/\/percorsipinerolo.it\/youthplus\/wp-content\/uploads\/2024\/04\/Marcella-Gay-1536x1086.png 1536w, https:\/\/percorsipinerolo.it\/youthplus\/wp-content\/uploads\/2024\/04\/Marcella-Gay.png 2000w\" sizes=\"auto, (max-width: 1024px) 100vw, 1024px\" \/><\/figure>\n\n\n\n<p>Nata nel 1922, durante la sua adolescenza divent\u00f2 staffetta partigiana in val Pellice, svolgendo un ruolo rilevante nella lotta al fascismo: consegnava messaggi, portava viveri, armi e coperte alle formazioni partigiane. Percorreva, in sella alla sua bici o a piedi, tragitti molto lunghi per svolgere i suoi compiti; rischi\u00f2 in pi\u00f9 occasioni di essere fermata e scoperta dai fascisti.&nbsp;<\/p>\n\n\n\n<p>Dopo la guerra si dedic\u00f2 all&#8217;insegnamento, inizialmente nelle scuole superiori statali e successivamente come diacona della Chiesa valdese. Ha anche ricoperto incarichi significativi nella Chiesa: \u00e8 stata la prima donna eletta nella Tavola valdese e ha contribuito alla redazione del Testo comune per l&#8217;indirizzo pastorale dei matrimoni tra cattolici e valdesi. <\/p>\n\n\n\n<p>Ricordata come donna brillante, altruista e impegnata nella formazione di giovani menti, venne a mancare nel gennaio 2018.<\/p>\n<\/div>\n<\/div>\n\n\n\n<hr class=\"wp-block-separator has-alpha-channel-opacity\"\/>\n\n\n\n<h6 class=\"wp-block-heading has-text-align-center\"><strong><em><mark style=\"background-color:rgba(0, 0, 0, 0)\" class=\"has-inline-color has-foreground-color\">SCELTA DEL VOLTO<\/mark><\/em><\/strong><\/h6>\n\n\n\n<h5 class=\"wp-block-heading has-text-align-center\"><strong><em><mark style=\"background-color:rgba(0, 0, 0, 0)\" class=\"has-inline-color has-foreground-color\">RESISTENZA DELLE DONNE<\/mark><\/em><\/strong><\/h5>\n\n\n\n<p>Quando \u00e8 arrivato il momento di elogiare i partigiani per la loro azione di resistenza contro il regime nazi-fascista si \u00e8, spesso, sminuito il ruolo delle donne. Le partigiane non furono solo \u201cmamme\u201d dei partigiani, vivandiere o infermiere, ma anche combattenti: l\u2019idea della donna in armi \u00e8 rimasta per\u00f2, per decenni, un tab\u00f9, facendo calare&nbsp; sulla questione un assordante silenzio . \u00c8 importante riconoscere che la resistenza femminile non \u00e8 stata \u201cdi seconda classe\u201d, non pu\u00f2 essere considerata solo un \u201ccontributo\u201d, ma sono state proprio le donne in molti casi a combattere e a difendere gli uomini. Con l\u2019adesione alla lotta partigiana le donne scelsero di lottare, furono soggetti di azione e agenti di cambiamento anche contro i pregiudizi dei loro stessi compagni. Per molte donne la resistenza ha rappresentato una scelta di affermazione di libert\u00e0 individuale, di rottura della passivit\u00e0 in nome di una partecipazione attiva ai destini del paese. Per conferire la dovuta importanza alle donne che hanno combattuto per la libert\u00e0 abbiamo deciso, considerando la disponibilit\u00e0 di materiali e i racconti diretti che abbiamo avuto la possibilit\u00e0 di ascoltare, di concentrare la nostra attenzione sui volti di due donne: Viola Lageard e Marcella Gay.<\/p>\n\n\n\n<hr class=\"wp-block-separator has-alpha-channel-opacity\"\/>\n\n\n\n<h6 class=\"wp-block-heading has-text-align-center\"><strong><em><mark style=\"background-color:rgba(0, 0, 0, 0)\" class=\"has-inline-color has-foreground-color\">GEOLOCALIZZAZIONE<\/mark><\/em><\/strong><\/h6>\n\n\n\n<details class=\"wp-block-details is-layout-flow wp-block-details-is-layout-flow\"><summary>PUNTO DI PARTENZA<\/summary>\n<p><em>Casa Natale<\/em>, Via Cittadella 8, 10064, Pinerolo (TO)<\/p>\n<\/details>\n\n\n\n<details class=\"wp-block-details is-layout-flow wp-block-details-is-layout-flow\"><summary>PUNTO DI ARRIVO<\/summary>\n<p><em>Collegio Valdese<\/em>, Via Beckwith 1, 10066, Torre Pellice (TO)<\/p>\n<\/details>\n\n\n\n<div class=\"wp-block-columns is-layout-flex wp-container-core-columns-is-layout-28f84493 wp-block-columns-is-layout-flex\">\n<div class=\"wp-block-column is-layout-flow wp-block-column-is-layout-flow\">\n<details class=\"wp-block-details is-layout-flow wp-block-details-is-layout-flow\"><summary>LUNGHEZZA TRAGITTO<\/summary>\n<p>18,45 Km con dislivello di 140 m<\/p>\n<\/details>\n\n\n\n<details class=\"wp-block-details is-layout-flow wp-block-details-is-layout-flow\"><summary>TEMPO DI PERCORRENZA<\/summary>\n<p>A piedi : 13 min (punti di interesse in Pinerolo)<br>In bici : 1h e 35 min (punti di interesse fuori Pinerolo)<br>In macchina : 32 min (punti di interesse fuori Pinerolo)<\/p>\n<\/details>\n<\/div>\n<\/div>\n\n\n\n<hr class=\"wp-block-separator has-alpha-channel-opacity\"\/>\n\n\n\n<h6 class=\"wp-block-heading has-text-align-center\"><strong><em><mark style=\"background-color:rgba(0, 0, 0, 0)\" class=\"has-inline-color has-foreground-color\">PUNTI DI INTERESSE<\/mark><\/em><\/strong><\/h6>\n\n\n\n<ul class=\"wp-block-list\">\n<li><strong><em><a href=\"https:\/\/percorsipinerolo.it\/youthplus\/index.php\/it01b-01\/\" data-type=\"page\" data-id=\"338\">Prima tappa<\/a>:  <\/em><\/strong><br><strong>CASA NATALE<\/strong>, Via Cittadella 8, 10064, PINEROLO<\/li>\n\n\n\n<li><strong><em><a href=\"https:\/\/percorsipinerolo.it\/youthplus\/index.php\/it01b-02\/\" data-type=\"page\" data-id=\"340\">Seconda tappa<\/a>: <\/em><\/strong><br><strong>LIBRERIA TAJO<\/strong>, Via del Duomo 4, 10064, PINEROLO<\/li>\n\n\n\n<li><em><strong><a href=\"https:\/\/percorsipinerolo.it\/youthplus\/index.php\/it01b-03\/\" data-type=\"page\" data-id=\"342\">Terza tappa<\/a>:<\/strong> <\/em><br><strong>FARMACIA BALCET<\/strong>, Via del Duomo 46, 10064, PINEROLO<\/li>\n\n\n\n<li><strong><em><a href=\"https:\/\/percorsipinerolo.it\/youthplus\/index.php\/it01b-04\/\" data-type=\"page\" data-id=\"344\">Quarta tappa<\/a>: <\/em><\/strong><br><strong>ARRIVO DEL DUCE<\/strong>, P.zza Fontana, 10064, PINEROLO<\/li>\n\n\n\n<li><em><strong><a href=\"https:\/\/percorsipinerolo.it\/youthplus\/index.php\/it01b-05\/\" data-type=\"page\" data-id=\"346\">Quinta tappa<\/a>:<\/strong>&nbsp;<\/em><br><strong>INCONTRO IN BICICLETTA CON I TEDESCHI<\/strong>, Via Vittorio Veneto, 10060, BRICHERASIO<\/li>\n\n\n\n<li><em><strong><a href=\"https:\/\/percorsipinerolo.it\/youthplus\/index.php\/it01b-06\/\" data-type=\"page\" data-id=\"348\">Sesta tappa<\/a><\/strong>: <\/em><br><strong>PONTE DI BIBIANA<\/strong>, S.P. 157 Ponte di Bibiana, 10060, BIBIANA<\/li>\n\n\n\n<li><strong><em><a href=\"https:\/\/percorsipinerolo.it\/youthplus\/index.php\/it01b-07\/\" data-type=\"page\" data-id=\"572\">Settima tappa<\/a>: <\/em><\/strong><br><strong>COLLEGIO VALDESE<\/strong>, Via Beckwith 1, 10066, TORRE PELLICE<\/li>\n<\/ul>\n\n\n\n<iframe loading=\"lazy\" width=\"100%\" height=\"300px\" frameborder=\"0\" allowfullscreen allow=\"geolocation\" src=\"\/\/umap.openstreetmap.fr\/it\/map\/itinerari-della-resistenza_1031082?scaleControl=false&#038;miniMap=false&#038;scrollWheelZoom=false&#038;zoomControl=true&#038;editMode=disabled&#038;moreControl=true&#038;searchControl=null&#038;tilelayersControl=null&#038;embedControl=null&#038;datalayersControl=true&#038;onLoadPanel=none&#038;captionBar=false&#038;captionMenus=true&#038;datalayers=c289f7e8-69bc-492d-80ce-5a6f37a73b5b%2C1c67e748-b43a-4331-b8da-014a01cd0a09#11\/44.8655\/7.2239\"><\/iframe><p><a href=\"\/\/umap.openstreetmap.fr\/it\/map\/itinerari-della-resistenza_1031082?scaleControl=false&#038;miniMap=false&#038;scrollWheelZoom=true&#038;zoomControl=true&#038;editMode=disabled&#038;moreControl=true&#038;searchControl=null&#038;tilelayersControl=null&#038;embedControl=null&#038;datalayersControl=true&#038;onLoadPanel=none&#038;captionBar=false&#038;captionMenus=true&#038;datalayers=c289f7e8-69bc-492d-80ce-5a6f37a73b5b%2C1c67e748-b43a-4331-b8da-014a01cd0a09#11\/44.8655\/7.2239\">Visualizza a schermo intero<\/a><\/p>\n\n\n\n<hr class=\"wp-block-separator has-alpha-channel-opacity\"\/>\n\n\n\n<h6 class=\"wp-block-heading has-text-align-center\"><strong><em><mark style=\"background-color:rgba(0, 0, 0, 0)\" class=\"has-inline-color has-foreground-color\">RIFERIMENTI BIBLIOGRAFICI ESSENZIALI<\/mark><\/em><\/strong><\/h6>\n\n\n\n<ul class=\"wp-block-list\">\n<li>D.GAY ROCHAT, <em>La Resistenza nelle valli valdesi<\/em>, Torino, Claudiana, 2006<\/li>\n\n\n\n<li>R.MALAN, <em>Amici, fratelli, compagni. Memorie di un valdese del XX secolo<\/em>, a cura di E.LO BUE con la collaborazione di C.BIANCANI, Cuneo, L\u2019arciere, 1996<\/li>\n\n\n\n<li>I.ROSSINI, <em>Un fiore che non muore<\/em>, Redstarpress, Roma, 2022<\/li>\n\n\n\n<li>B.TOBAGI,<em> La resistenza delle donne<\/em>, Einaudi, Torino, 2022<\/li>\n\n\n\n<li>Intervista 15\/05\/2013 depositata presso Archivio ANPI Torre Pellice<\/li>\n<\/ul>\n","protected":false},"excerpt":{"rendered":"<p>Nata nel 1922, durante la sua adolescenza divent\u00f2 staffetta partigiana in val Pellice, svolgendo un ruolo rilevante nella lotta al fascismo: consegnava messaggi, portava viveri, armi e coperte alle formazioni partigiane. Percorreva, in sella alla sua bici o a piedi, tragitti molto lunghi per svolgere i suoi compiti; rischi\u00f2 in pi\u00f9 occasioni di essere fermata [&hellip;]<\/p>\n","protected":false},"author":2,"featured_media":0,"parent":0,"menu_order":0,"comment_status":"closed","ping_status":"closed","template":"","meta":{"_kadence_starter_templates_imported_post":false,"footnotes":""},"class_list":["post-320","page","type-page","status-publish","hentry"],"_links":{"self":[{"href":"https:\/\/percorsipinerolo.it\/youthplus\/index.php\/wp-json\/wp\/v2\/pages\/320","targetHints":{"allow":["GET"]}}],"collection":[{"href":"https:\/\/percorsipinerolo.it\/youthplus\/index.php\/wp-json\/wp\/v2\/pages"}],"about":[{"href":"https:\/\/percorsipinerolo.it\/youthplus\/index.php\/wp-json\/wp\/v2\/types\/page"}],"author":[{"embeddable":true,"href":"https:\/\/percorsipinerolo.it\/youthplus\/index.php\/wp-json\/wp\/v2\/users\/2"}],"replies":[{"embeddable":true,"href":"https:\/\/percorsipinerolo.it\/youthplus\/index.php\/wp-json\/wp\/v2\/comments?post=320"}],"version-history":[{"count":38,"href":"https:\/\/percorsipinerolo.it\/youthplus\/index.php\/wp-json\/wp\/v2\/pages\/320\/revisions"}],"predecessor-version":[{"id":2048,"href":"https:\/\/percorsipinerolo.it\/youthplus\/index.php\/wp-json\/wp\/v2\/pages\/320\/revisions\/2048"}],"wp:attachment":[{"href":"https:\/\/percorsipinerolo.it\/youthplus\/index.php\/wp-json\/wp\/v2\/media?parent=320"}],"curies":[{"name":"wp","href":"https:\/\/api.w.org\/{rel}","templated":true}]}}

<div class="wp-block-columns is-layout-flex wp-container-core-columns-is-layout-28f84493 wp-block-columns-is-layout-flex">
<div class="wp-block-column is-layout-flow wp-block-column-is-layout-flow">
<figure class="wp-block-image"><img loading="lazy" decoding="async" width="1024" height="724" src="https://percorsipinerolo.it/youthplus/wp-content/uploads/2024/04/Marcella-Gay-1024x724.png" alt="" class="wp-image-473" srcset="https://percorsipinerolo.it/youthplus/wp-content/uploads/2024/04/Marcella-Gay-1024x724.png 1024w, https://percorsipinerolo.it/youthplus/wp-content/uploads/2024/04/Marcella-Gay-300x212.png 300w, https://percorsipinerolo.it/youthplus/wp-content/uploads/2024/04/Marcella-Gay-768x543.png 768w, https://percorsipinerolo.it/youthplus/wp-content/uploads/2024/04/Marcella-Gay-1536x1086.png 1536w, https://percorsipinerolo.it/youthplus/wp-content/uploads/2024/04/Marcella-Gay.png 2000w" sizes="auto, (max-width: 1024px) 100vw, 1024px" /></figure>



<p>Nata nel 1922, durante la sua adolescenza diventò staffetta partigiana in val Pellice, svolgendo un ruolo rilevante nella lotta al fascismo: consegnava messaggi, portava viveri, armi e coperte alle formazioni partigiane. Percorreva, in sella alla sua bici o a piedi, tragitti molto lunghi per svolgere i suoi compiti; rischiò in più occasioni di essere fermata e scoperta dai fascisti.&nbsp;</p>



<p>Dopo la guerra si dedicò all&#8217;insegnamento, inizialmente nelle scuole superiori statali e successivamente come diacona della Chiesa valdese. Ha anche ricoperto incarichi significativi nella Chiesa: è stata la prima donna eletta nella Tavola valdese e ha contribuito alla redazione del Testo comune per l&#8217;indirizzo pastorale dei matrimoni tra cattolici e valdesi. </p>



<p>Ricordata come donna brillante, altruista e impegnata nella formazione di giovani menti, venne a mancare nel gennaio 2018.</p>
</div>
</div>



<hr class="wp-block-separator has-alpha-channel-opacity"/>



<h6 class="wp-block-heading has-text-align-center"><strong><em><mark style="background-color:rgba(0, 0, 0, 0)" class="has-inline-color has-foreground-color">SCELTA DEL VOLTO</mark></em></strong></h6>



<h5 class="wp-block-heading has-text-align-center"><strong><em><mark style="background-color:rgba(0, 0, 0, 0)" class="has-inline-color has-foreground-color">RESISTENZA DELLE DONNE</mark></em></strong></h5>



<p>Quando è arrivato il momento di elogiare i partigiani per la loro azione di resistenza contro il regime nazi-fascista si è, spesso, sminuito il ruolo delle donne. Le partigiane non furono solo “mamme” dei partigiani, vivandiere o infermiere, ma anche combattenti: l’idea della donna in armi è rimasta però, per decenni, un tabù, facendo calare&nbsp; sulla questione un assordante silenzio . È importante riconoscere che la resistenza femminile non è stata “di seconda classe”, non può essere considerata solo un “contributo”, ma sono state proprio le donne in molti casi a combattere e a difendere gli uomini. Con l’adesione alla lotta partigiana le donne scelsero di lottare, furono soggetti di azione e agenti di cambiamento anche contro i pregiudizi dei loro stessi compagni. Per molte donne la resistenza ha rappresentato una scelta di affermazione di libertà individuale, di rottura della passività in nome di una partecipazione attiva ai destini del paese. Per conferire la dovuta importanza alle donne che hanno combattuto per la libertà abbiamo deciso, considerando la disponibilità di materiali e i racconti diretti che abbiamo avuto la possibilità di ascoltare, di concentrare la nostra attenzione sui volti di due donne: Viola Lageard e Marcella Gay.</p>



<hr class="wp-block-separator has-alpha-channel-opacity"/>



<h6 class="wp-block-heading has-text-align-center"><strong><em><mark style="background-color:rgba(0, 0, 0, 0)" class="has-inline-color has-foreground-color">GEOLOCALIZZAZIONE</mark></em></strong></h6>



<details class="wp-block-details is-layout-flow wp-block-details-is-layout-flow"><summary>PUNTO DI PARTENZA</summary>
<p><em>Casa Natale</em>, Via Cittadella 8, 10064, Pinerolo (TO)</p>
</details>



<details class="wp-block-details is-layout-flow wp-block-details-is-layout-flow"><summary>PUNTO DI ARRIVO</summary>
<p><em>Collegio Valdese</em>, Via Beckwith 1, 10066, Torre Pellice (TO)</p>
</details>



<div class="wp-block-columns is-layout-flex wp-container-core-columns-is-layout-28f84493 wp-block-columns-is-layout-flex">
<div class="wp-block-column is-layout-flow wp-block-column-is-layout-flow">
<details class="wp-block-details is-layout-flow wp-block-details-is-layout-flow"><summary>LUNGHEZZA TRAGITTO</summary>
<p>18,45 Km con dislivello di 140 m</p>
</details>



<details class="wp-block-details is-layout-flow wp-block-details-is-layout-flow"><summary>TEMPO DI PERCORRENZA</summary>
<p>A piedi : 13 min (punti di interesse in Pinerolo)<br>In bici : 1h e 35 min (punti di interesse fuori Pinerolo)<br>In macchina : 32 min (punti di interesse fuori Pinerolo)</p>
</details>
</div>
</div>



<hr class="wp-block-separator has-alpha-channel-opacity"/>



<h6 class="wp-block-heading has-text-align-center"><strong><em><mark style="background-color:rgba(0, 0, 0, 0)" class="has-inline-color has-foreground-color">PUNTI DI INTERESSE</mark></em></strong></h6>



<ul class="wp-block-list">
<li><strong><em><a href="https://percorsipinerolo.it/youthplus/index.php/it01b-01/" data-type="page" data-id="338">Prima tappa</a>:  </em></strong><br><strong>CASA NATALE</strong>, Via Cittadella 8, 10064, PINEROLO</li>



<li><strong><em><a href="https://percorsipinerolo.it/youthplus/index.php/it01b-02/" data-type="page" data-id="340">Seconda tappa</a>: </em></strong><br><strong>LIBRERIA TAJO</strong>, Via del Duomo 4, 10064, PINEROLO</li>



<li><em><strong><a href="https://percorsipinerolo.it/youthplus/index.php/it01b-03/" data-type="page" data-id="342">Terza tappa</a>:</strong> </em><br><strong>FARMACIA BALCET</strong>, Via del Duomo 46, 10064, PINEROLO</li>



<li><strong><em><a href="https://percorsipinerolo.it/youthplus/index.php/it01b-04/" data-type="page" data-id="344">Quarta tappa</a>: </em></strong><br><strong>ARRIVO DEL DUCE</strong>, P.zza Fontana, 10064, PINEROLO</li>



<li><em><strong><a href="https://percorsipinerolo.it/youthplus/index.php/it01b-05/" data-type="page" data-id="346">Quinta tappa</a>:</strong>&nbsp;</em><br><strong>INCONTRO IN BICICLETTA CON I TEDESCHI</strong>, Via Vittorio Veneto, 10060, BRICHERASIO</li>



<li><em><strong><a href="https://percorsipinerolo.it/youthplus/index.php/it01b-06/" data-type="page" data-id="348">Sesta tappa</a></strong>: </em><br><strong>PONTE DI BIBIANA</strong>, S.P. 157 Ponte di Bibiana, 10060, BIBIANA</li>



<li><strong><em><a href="https://percorsipinerolo.it/youthplus/index.php/it01b-07/" data-type="page" data-id="572">Settima tappa</a>: </em></strong><br><strong>COLLEGIO VALDESE</strong>, Via Beckwith 1, 10066, TORRE PELLICE</li>
</ul>



<iframe loading="lazy" width="100%" height="300px" frameborder="0" allowfullscreen allow="geolocation" src="//umap.openstreetmap.fr/it/map/itinerari-della-resistenza_1031082?scaleControl=false&#038;miniMap=false&#038;scrollWheelZoom=false&#038;zoomControl=true&#038;editMode=disabled&#038;moreControl=true&#038;searchControl=null&#038;tilelayersControl=null&#038;embedControl=null&#038;datalayersControl=true&#038;onLoadPanel=none&#038;captionBar=false&#038;captionMenus=true&#038;datalayers=c289f7e8-69bc-492d-80ce-5a6f37a73b5b%2C1c67e748-b43a-4331-b8da-014a01cd0a09#11/44.8655/7.2239"></iframe><p><a href="//umap.openstreetmap.fr/it/map/itinerari-della-resistenza_1031082?scaleControl=false&#038;miniMap=false&#038;scrollWheelZoom=true&#038;zoomControl=true&#038;editMode=disabled&#038;moreControl=true&#038;searchControl=null&#038;tilelayersControl=null&#038;embedControl=null&#038;datalayersControl=true&#038;onLoadPanel=none&#038;captionBar=false&#038;captionMenus=true&#038;datalayers=c289f7e8-69bc-492d-80ce-5a6f37a73b5b%2C1c67e748-b43a-4331-b8da-014a01cd0a09#11/44.8655/7.2239">Visualizza a schermo intero</a></p>



<hr class="wp-block-separator has-alpha-channel-opacity"/>



<h6 class="wp-block-heading has-text-align-center"><strong><em><mark style="background-color:rgba(0, 0, 0, 0)" class="has-inline-color has-foreground-color">RIFERIMENTI BIBLIOGRAFICI ESSENZIALI</mark></em></strong></h6>



<ul class="wp-block-list">
<li>D.GAY ROCHAT, <em>La Resistenza nelle valli valdesi</em>, Torino, Claudiana, 2006</li>



<li>R.MALAN, <em>Amici, fratelli, compagni. Memorie di un valdese del XX secolo</em>, a cura di E.LO BUE con la collaborazione di C.BIANCANI, Cuneo, L’arciere, 1996</li>



<li>I.ROSSINI, <em>Un fiore che non muore</em>, Redstarpress, Roma, 2022</li>



<li>B.TOBAGI,<em> La resistenza delle donne</em>, Einaudi, Torino, 2022</li>



<li>Intervista 15/05/2013 depositata presso Archivio ANPI Torre Pellice</li>
</ul>

<p>Nata nel 1922, durante la sua adolescenza diventò staffetta partigiana in val Pellice, svolgendo un ruolo rilevante nella lotta al fascismo: consegnava messaggi, portava viveri, armi e coperte alle formazioni partigiane. Percorreva, in sella alla sua bici o a piedi, tragitti molto lunghi per svolgere i suoi compiti; rischiò in più occasioni di essere fermata [&hellip;]</p>
