{"id":209,"date":"2024-04-23T18:48:07","date_gmt":"2024-04-23T18:48:07","guid":{"rendered":"https:\/\/percorsipinerolo.it\/youthplus\/?page_id=209"},"modified":"2024-05-17T09:27:41","modified_gmt":"2024-05-17T09:27:41","slug":"it04-3-03","status":"publish","type":"page","link":"https:\/\/percorsipinerolo.it\/youthplus\/index.php\/it04-3-03\/","title":{"rendered":"IT04.3-03 Cippo ai tre partigiani"},"content":{"rendered":"\n<div class=\"wp-block-columns is-layout-flex wp-container-core-columns-is-layout-28f84493 wp-block-columns-is-layout-flex\">\n<div class=\"wp-block-column is-layout-flow wp-block-column-is-layout-flow\">\n<figure class=\"wp-block-image aligncenter size-full is-resized\"><img loading=\"lazy\" decoding=\"async\" width=\"265\" height=\"414\" src=\"https:\/\/percorsipinerolo.it\/youthplus\/wp-content\/uploads\/2024\/05\/Immagine-2024-04-28-092530.png\" alt=\"\" class=\"wp-image-1471\" style=\"width:280px;height:auto\" srcset=\"https:\/\/percorsipinerolo.it\/youthplus\/wp-content\/uploads\/2024\/05\/Immagine-2024-04-28-092530.png 265w, https:\/\/percorsipinerolo.it\/youthplus\/wp-content\/uploads\/2024\/05\/Immagine-2024-04-28-092530-192x300.png 192w\" sizes=\"auto, (max-width: 265px) 100vw, 265px\" \/><\/figure>\n<\/div>\n\n\n\n<div class=\"wp-block-column is-layout-flow wp-block-column-is-layout-flow\">\n<p>Il cippo ricorda tre partigiani di Villar Perosa, impiccati durante la guerra di Liberazione.,&nbsp; proprio nel giardino dove \u00e8 situato il monumento. Il monumento, realizzato in marmo grigio-rosa, poggia su un basamento di marmo nero,&nbsp; nella parte superiore spicca un bassorilievo in bronzo, che raffigura i volti dei partigiani caduti. Sono anche presenti delle scritte incise e successivamente ripassate in rosso.&nbsp;<\/p>\n\n\n\n<p>Nella parte inferiore invece si nota una corona di spine in bronzo, al centro della quale \u00e8 presente la data di impiccagione dei tre caduti: 14 agosto 1944.<\/p>\n\n\n\n<p>I nomi a cui \u00e8 dedicato il monumento sono i seguenti:<\/p>\n\n\n\n<ul class=\"wp-block-list\">\n<li>TALLIA G. LORIS 20 ANNI&nbsp;<\/li>\n\n\n\n<li>NIERO TIBALDO 22 ANNI&nbsp;<\/li>\n\n\n\n<li>LAGGIARD ALESS. 24 ANNI<\/li>\n<\/ul>\n<\/div>\n<\/div>\n\n\n\n<p><strong>Di seguito due lettere inviate ai familiari, una da Loris Tallia, l&#8217;altra da Tibaldo Niero, documenti tratti dall&#8217;opera di C. Bounous, Sognando la libert\u00e0:<\/strong><\/p>\n\n\n\n<p>Lettera di Loris ai genitori<br><em>Carissimi, un destino avverso ha voluto che io troncassi la mia giovinezza all&#8217;et\u00e0 di 21 anni. La nostra vita sta nelle mani della provvidenza e quindi non c&#8217;\u00e8 che da adattarsi secondo la divina volont\u00e0. Muoio sereno, confortato dalle parola del sacerdote e spero nella clemenza di Dio, mi raccomando di non desolarvi tanto per la mia immatura fine, ma prendete tutto questo come mia volont\u00e0 voluta dal cielo.<br>Vostro Loris.<\/em><\/p>\n\n\n\n<h2 class=\"wp-block-heading\"><\/h2>\n\n\n\n<p>Lettera di Tibaldo alla mamma<br><em>Cara mamma, non piangere. Io sono molto tranquillo. Dio mi protegger\u00e0 anche in cielo. Io mi trovo a Villar Perosa, mi raccomando di farmi trasportare a Perosa e di farmi sempre visita. Altro non mi resta che vederci presto in cielo con un forte abbraccio e bacio.<br>Tuo figlio Tibaldo.<\/em><\/p>\n\n\n\n<p><strong>Geolocalizzazione<\/strong><\/p>\n\n\n\n<div class=\"wp-block-columns is-layout-flex wp-container-core-columns-is-layout-28f84493 wp-block-columns-is-layout-flex\">\n<div class=\"wp-block-column is-layout-flow wp-block-column-is-layout-flow\">\n<p>Qui a destra si vede il tracciato dell\u2019 IT04.3-03&nbsp; Villar Perosa, questo punto di interesse ne rappresenta la terza tappa<\/p>\n<\/div>\n\n\n\n<div class=\"wp-block-column is-layout-flow wp-block-column-is-layout-flow\">\n<p class=\"has-text-align-center\"><\/p>\n\n\n\n<iframe loading=\"lazy\" width=\"100%\" height=\"300px\" frameborder=\"0\" allowfullscreen allow=\"geolocation\" src=\"\/\/umap.openstreetmap.fr\/it\/map\/itinerari-della-resistenza_1033923?scaleControl=false&#038;miniMap=false&#038;scrollWheelZoom=false&#038;zoomControl=true&#038;editMode=disabled&#038;moreControl=true&#038;searchControl=null&#038;tilelayersControl=null&#038;embedControl=null&#038;datalayersControl=true&#038;onLoadPanel=none&#038;captionBar=false&#038;captionMenus=true&#038;datalayers=38d82c2c-123d-4023-8243-172eef0e1b39%2C158f4ad7-af9d-4050-b7c2-773e88f64cc0#17\/44.92357\/7.24386\"><\/iframe><p><a href=\"\/\/umap.openstreetmap.fr\/it\/map\/itinerari-della-resistenza_1033923?scaleControl=false&#038;miniMap=false&#038;scrollWheelZoom=true&#038;zoomControl=true&#038;editMode=disabled&#038;moreControl=true&#038;searchControl=null&#038;tilelayersControl=null&#038;embedControl=null&#038;datalayersControl=true&#038;onLoadPanel=none&#038;captionBar=false&#038;captionMenus=true&#038;datalayers=38d82c2c-123d-4023-8243-172eef0e1b39%2C158f4ad7-af9d-4050-b7c2-773e88f64cc0#17\/44.92357\/7.24386\">Visualizza a schermo intero<\/a><\/p>\n<\/div>\n<\/div>\n\n\n\n<p><strong>Testimonianze<\/strong><\/p>\n\n\n\n\n\n<figure class=\"wp-block-video\"><\/figure>\n\n\n\n<p><strong>Riferimenti bibliografici\/sitografici<\/strong><\/p>\n\n\n\n<ul class=\"wp-block-list\">\n<li><a href=\"https:\/\/www.pietredellamemoria.it\/\">https:\/\/www.pietredellamemoria.it\/<\/a><\/li>\n\n\n\n<li>&#8220;Sognando la libert\u00e0&#8221; di Clara Bounous<\/li>\n<\/ul>\n","protected":false},"excerpt":{"rendered":"<p>Il cippo ricorda tre partigiani di Villar Perosa, impiccati durante la guerra di Liberazione.,&nbsp; proprio nel giardino dove \u00e8 situato il monumento. Il monumento, realizzato in marmo grigio-rosa, poggia su un basamento di marmo nero,&nbsp; nella parte superiore spicca un bassorilievo in bronzo, che raffigura i volti dei partigiani caduti. Sono anche presenti delle scritte [&hellip;]<\/p>\n","protected":false},"author":2,"featured_media":0,"parent":0,"menu_order":0,"comment_status":"closed","ping_status":"closed","template":"","meta":{"_kadence_starter_templates_imported_post":false,"footnotes":""},"class_list":["post-209","page","type-page","status-publish","hentry"],"_links":{"self":[{"href":"https:\/\/percorsipinerolo.it\/youthplus\/index.php\/wp-json\/wp\/v2\/pages\/209","targetHints":{"allow":["GET"]}}],"collection":[{"href":"https:\/\/percorsipinerolo.it\/youthplus\/index.php\/wp-json\/wp\/v2\/pages"}],"about":[{"href":"https:\/\/percorsipinerolo.it\/youthplus\/index.php\/wp-json\/wp\/v2\/types\/page"}],"author":[{"embeddable":true,"href":"https:\/\/percorsipinerolo.it\/youthplus\/index.php\/wp-json\/wp\/v2\/users\/2"}],"replies":[{"embeddable":true,"href":"https:\/\/percorsipinerolo.it\/youthplus\/index.php\/wp-json\/wp\/v2\/comments?post=209"}],"version-history":[{"count":12,"href":"https:\/\/percorsipinerolo.it\/youthplus\/index.php\/wp-json\/wp\/v2\/pages\/209\/revisions"}],"predecessor-version":[{"id":2260,"href":"https:\/\/percorsipinerolo.it\/youthplus\/index.php\/wp-json\/wp\/v2\/pages\/209\/revisions\/2260"}],"wp:attachment":[{"href":"https:\/\/percorsipinerolo.it\/youthplus\/index.php\/wp-json\/wp\/v2\/media?parent=209"}],"curies":[{"name":"wp","href":"https:\/\/api.w.org\/{rel}","templated":true}]}}

<div class="wp-block-columns is-layout-flex wp-container-core-columns-is-layout-28f84493 wp-block-columns-is-layout-flex">
<div class="wp-block-column is-layout-flow wp-block-column-is-layout-flow">
<figure class="wp-block-image aligncenter size-full is-resized"><img loading="lazy" decoding="async" width="265" height="414" src="https://percorsipinerolo.it/youthplus/wp-content/uploads/2024/05/Immagine-2024-04-28-092530.png" alt="" class="wp-image-1471" style="width:280px;height:auto" srcset="https://percorsipinerolo.it/youthplus/wp-content/uploads/2024/05/Immagine-2024-04-28-092530.png 265w, https://percorsipinerolo.it/youthplus/wp-content/uploads/2024/05/Immagine-2024-04-28-092530-192x300.png 192w" sizes="auto, (max-width: 265px) 100vw, 265px" /></figure>
</div>



<div class="wp-block-column is-layout-flow wp-block-column-is-layout-flow">
<p>Il cippo ricorda tre partigiani di Villar Perosa, impiccati durante la guerra di Liberazione.,&nbsp; proprio nel giardino dove è situato il monumento. Il monumento, realizzato in marmo grigio-rosa, poggia su un basamento di marmo nero,&nbsp; nella parte superiore spicca un bassorilievo in bronzo, che raffigura i volti dei partigiani caduti. Sono anche presenti delle scritte incise e successivamente ripassate in rosso.&nbsp;</p>



<p>Nella parte inferiore invece si nota una corona di spine in bronzo, al centro della quale è presente la data di impiccagione dei tre caduti: 14 agosto 1944.</p>



<p>I nomi a cui è dedicato il monumento sono i seguenti:</p>



<ul class="wp-block-list">
<li>TALLIA G. LORIS 20 ANNI&nbsp;</li>



<li>NIERO TIBALDO 22 ANNI&nbsp;</li>



<li>LAGGIARD ALESS. 24 ANNI</li>
</ul>
</div>
</div>



<p><strong>Di seguito due lettere inviate ai familiari, una da Loris Tallia, l&#8217;altra da Tibaldo Niero, documenti tratti dall&#8217;opera di C. Bounous, Sognando la libertà:</strong></p>



<p>Lettera di Loris ai genitori<br><em>Carissimi, un destino avverso ha voluto che io troncassi la mia giovinezza all&#8217;età di 21 anni. La nostra vita sta nelle mani della provvidenza e quindi non c&#8217;è che da adattarsi secondo la divina volontà. Muoio sereno, confortato dalle parola del sacerdote e spero nella clemenza di Dio, mi raccomando di non desolarvi tanto per la mia immatura fine, ma prendete tutto questo come mia volontà voluta dal cielo.<br>Vostro Loris.</em></p>



<h2 class="wp-block-heading"></h2>



<p>Lettera di Tibaldo alla mamma<br><em>Cara mamma, non piangere. Io sono molto tranquillo. Dio mi proteggerà anche in cielo. Io mi trovo a Villar Perosa, mi raccomando di farmi trasportare a Perosa e di farmi sempre visita. Altro non mi resta che vederci presto in cielo con un forte abbraccio e bacio.<br>Tuo figlio Tibaldo.</em></p>



<p><strong>Geolocalizzazione</strong></p>



<div class="wp-block-columns is-layout-flex wp-container-core-columns-is-layout-28f84493 wp-block-columns-is-layout-flex">
<div class="wp-block-column is-layout-flow wp-block-column-is-layout-flow">
<p>Qui a destra si vede il tracciato dell’ IT04.3-03&nbsp; Villar Perosa, questo punto di interesse ne rappresenta la terza tappa</p>
</div>



<div class="wp-block-column is-layout-flow wp-block-column-is-layout-flow">
<p class="has-text-align-center"></p>



<iframe loading="lazy" width="100%" height="300px" frameborder="0" allowfullscreen allow="geolocation" src="//umap.openstreetmap.fr/it/map/itinerari-della-resistenza_1033923?scaleControl=false&#038;miniMap=false&#038;scrollWheelZoom=false&#038;zoomControl=true&#038;editMode=disabled&#038;moreControl=true&#038;searchControl=null&#038;tilelayersControl=null&#038;embedControl=null&#038;datalayersControl=true&#038;onLoadPanel=none&#038;captionBar=false&#038;captionMenus=true&#038;datalayers=38d82c2c-123d-4023-8243-172eef0e1b39%2C158f4ad7-af9d-4050-b7c2-773e88f64cc0#17/44.92357/7.24386"></iframe><p><a href="//umap.openstreetmap.fr/it/map/itinerari-della-resistenza_1033923?scaleControl=false&#038;miniMap=false&#038;scrollWheelZoom=true&#038;zoomControl=true&#038;editMode=disabled&#038;moreControl=true&#038;searchControl=null&#038;tilelayersControl=null&#038;embedControl=null&#038;datalayersControl=true&#038;onLoadPanel=none&#038;captionBar=false&#038;captionMenus=true&#038;datalayers=38d82c2c-123d-4023-8243-172eef0e1b39%2C158f4ad7-af9d-4050-b7c2-773e88f64cc0#17/44.92357/7.24386">Visualizza a schermo intero</a></p>
</div>
</div>



<p><strong>Testimonianze</strong></p>





<figure class="wp-block-video"></figure>



<p><strong>Riferimenti bibliografici/sitografici</strong></p>



<ul class="wp-block-list">
<li><a href="https://www.pietredellamemoria.it/">https://www.pietredellamemoria.it/</a></li>



<li>&#8220;Sognando la libertà&#8221; di Clara Bounous</li>
</ul>

<p>Il cippo ricorda tre partigiani di Villar Perosa, impiccati durante la guerra di Liberazione.,&nbsp; proprio nel giardino dove è situato il monumento. Il monumento, realizzato in marmo grigio-rosa, poggia su un basamento di marmo nero,&nbsp; nella parte superiore spicca un bassorilievo in bronzo, che raffigura i volti dei partigiani caduti. Sono anche presenti delle scritte [&hellip;]</p>
