{"id":191,"date":"2024-04-23T18:45:07","date_gmt":"2024-04-23T18:45:07","guid":{"rendered":"https:\/\/percorsipinerolo.it\/youthplus\/?page_id=191"},"modified":"2024-05-15T16:58:26","modified_gmt":"2024-05-15T16:58:26","slug":"it04-2-01","status":"publish","type":"page","link":"https:\/\/percorsipinerolo.it\/youthplus\/index.php\/it04-2-01\/","title":{"rendered":"IT04.2-01 Lapidi nei Giardini Walter Tassone"},"content":{"rendered":"\n<div class=\"wp-block-columns is-layout-flex wp-container-core-columns-is-layout-28f84493 wp-block-columns-is-layout-flex\">\n<div class=\"wp-block-column is-layout-flow wp-block-column-is-layout-flow\">\n<p><\/p>\n\n\n\n<div class=\"wp-block-columns is-layout-flex wp-container-core-columns-is-layout-28f84493 wp-block-columns-is-layout-flex\">\n<div class=\"wp-block-column is-layout-flow wp-block-column-is-layout-flow\">\n<figure class=\"wp-block-image size-full is-resized\"><img loading=\"lazy\" decoding=\"async\" width=\"474\" height=\"299\" src=\"https:\/\/percorsipinerolo.it\/youthplus\/wp-content\/uploads\/2024\/05\/O1.jpeg\" alt=\"\" class=\"wp-image-1897\" style=\"width:340px;height:auto\" srcset=\"https:\/\/percorsipinerolo.it\/youthplus\/wp-content\/uploads\/2024\/05\/O1.jpeg 474w, https:\/\/percorsipinerolo.it\/youthplus\/wp-content\/uploads\/2024\/05\/O1-300x189.jpeg 300w\" sizes=\"auto, (max-width: 474px) 100vw, 474px\" \/><figcaption class=\"wp-element-caption\"><em>Immagine del monumento in onore ai caduti, a Cumiana, foto scattata intorno alla met\u00e0 del 1900<\/em><\/figcaption><\/figure>\n<\/div>\n\n\n\n<div class=\"wp-block-column is-layout-flow wp-block-column-is-layout-flow\">\n<figure class=\"wp-block-image size-full is-resized\"><img loading=\"lazy\" decoding=\"async\" width=\"1024\" height=\"683\" src=\"https:\/\/percorsipinerolo.it\/youthplus\/wp-content\/uploads\/2024\/05\/O2.jpg\" alt=\"\" class=\"wp-image-1899\" style=\"width:339px;height:auto\" srcset=\"https:\/\/percorsipinerolo.it\/youthplus\/wp-content\/uploads\/2024\/05\/O2.jpg 1024w, https:\/\/percorsipinerolo.it\/youthplus\/wp-content\/uploads\/2024\/05\/O2-300x200.jpg 300w, https:\/\/percorsipinerolo.it\/youthplus\/wp-content\/uploads\/2024\/05\/O2-768x512.jpg 768w\" sizes=\"auto, (max-width: 1024px) 100vw, 1024px\" \/><figcaption class=\"wp-element-caption\"><em>Immagine del monumento in onore ai caduti, a Cumiana, foto di oggi<\/em><\/figcaption><\/figure>\n<\/div>\n<\/div>\n<\/div>\n<\/div>\n\n\n\n<p>I monumenti, dedicati a perenne memoria dei Caduti di Cumiana, si trovano all\u2019interno dei giardini pubblici in prossimit\u00e0 del Municipio. Il primo \u00e8 posto su un piedistallo a gradoni, dove \u00e8 collocata un\u2019alta stele, che funge da sostegno per la statua in bronzo, raffigurante la Patria, nell\u2019atto di porgere un omaggio floreale ai Caduti (i cui nomi sono elencati nella lastra in marmo sottostante),\u00a0 mentre nell\u2019altra mano regge una allegoria della Vittoria.<\/p>\n\n\n\n<p><\/p>\n\n\n\n<div class=\"wp-block-columns is-layout-flex wp-container-core-columns-is-layout-28f84493 wp-block-columns-is-layout-flex\">\n<div class=\"wp-block-column is-layout-flow wp-block-column-is-layout-flow\">\n<figure class=\"wp-block-image size-full is-resized\"><img loading=\"lazy\" decoding=\"async\" width=\"606\" height=\"960\" src=\"https:\/\/percorsipinerolo.it\/youthplus\/wp-content\/uploads\/2024\/05\/image-5.png\" alt=\"\" class=\"wp-image-1775\" style=\"width:322px;height:auto\" srcset=\"https:\/\/percorsipinerolo.it\/youthplus\/wp-content\/uploads\/2024\/05\/image-5.png 606w, https:\/\/percorsipinerolo.it\/youthplus\/wp-content\/uploads\/2024\/05\/image-5-189x300.png 189w\" sizes=\"auto, (max-width: 606px) 100vw, 606px\" \/><figcaption class=\"wp-element-caption\"><em>Immagine della lapide in onore ai caduti <br>situata nei giardini Walter Tassone<\/em><\/figcaption><\/figure>\n<\/div>\n\n\n\n<div class=\"wp-block-column is-layout-flow wp-block-column-is-layout-flow\">\n<p>L\u2019opera del 1922 porta la firma dello scultore senese Guido Bianconi. Ai due lati del basamento sono collocate le lastre con i nomi dei Caduti militari, civili e partigiani della Seconda guerra mondiale. Sono inoltre presenti due targhe per il Centenario della prima guerra mondiale, 2014-18, e per il Restauro del 2021.<\/p>\n\n\n\n<p>Il secondo invece, rappresentato da una lastra lineare&nbsp; in pietra, riporta l\u2019elenco dei nomi dei Caduti della Grande Guerra.<\/p>\n\n\n\n<p>Tra questi nomi risalta quello di Giovanni Daghero, chiamato Lupo, Nato il 29 Maggio 1924 e residente a Cumiana. Era il comandante di una banda partigiana della Val Chisone e gli venne conferita una Medaglia d&#8217;argento al valore e ricordato poi su una lapide a Cumiana. <\/p>\n<\/div>\n<\/div>\n\n\n\n<p><strong><em>GEOLOCALIZZAZIONE:<\/em><\/strong><\/p>\n\n\n\n<div class=\"wp-block-columns is-layout-flex wp-container-core-columns-is-layout-28f84493 wp-block-columns-is-layout-flex\">\n<div class=\"wp-block-column is-layout-flow wp-block-column-is-layout-flow\">\n<p>Qui a destra si vede il tracciato dell\u2019 IT04.2 Cumiana e questo punto di interesse ne rappresenta la prima tappa!<\/p>\n<\/div>\n\n\n\n<div class=\"wp-block-column is-layout-flow wp-block-column-is-layout-flow\">\n<p class=\"has-text-align-center\"><\/p>\n\n\n\n<iframe loading=\"lazy\" width=\"100%\" height=\"300px\" frameborder=\"0\" allowfullscreen=\"\" allow=\"geolocation\" src=\"\/\/umap.openstreetmap.fr\/it\/map\/itinerari-della-resistenza_1033923?scaleControl=false&amp;miniMap=false&amp;scrollWheelZoom=false&amp;zoomControl=true&amp;editMode=disabled&amp;moreControl=true&amp;searchControl=null&amp;tilelayersControl=null&amp;embedControl=null&amp;datalayersControl=true&amp;onLoadPanel=none&amp;captionBar=false&amp;captionMenus=true&amp;datalayers=621ceedf-d834-43ea-89de-4565fb798baf%2C91669e87-418b-4a75-928c-cdcb3c60ad62#13\/44.9822\/7.3733\"><\/iframe>\n<\/div>\n<\/div>\n\n\n\n<p><strong><em>RIFERIMENTI BIBLIOGRAFICI ESSENZIALI:<\/em><\/strong><\/p>\n\n\n\n<p>Bibliografia: <\/p>\n\n\n\n<ul class=\"wp-block-list\">\n<li>Marco Comello,<em> Covo di banditi &#8211; Resistenza a Cumiana tra cronaca e storia<\/em>, Alzani Editore Pinerolo, 1998<\/li>\n\n\n\n<li>Diego Vaschetto, SUI SENTIERI DELLA LIBERTA&#8217;, Edizioni del Capricorno, Torino, 2018<\/li>\n\n\n\n<li>AA.VV., <em>NON CHIAMATEMI POVERO \/ 2<\/em>, Alzani, Pinerolo, 1996<\/li>\n\n\n\n<li>Bruno Mondadori, <em>Capire la storia<\/em>, Edizioni Scolastiche Bruno Mondadori, 2012<\/li>\n\n\n\n<li>Fulvio Cammarano,<em> Storia contemporanea &#8211; Dal XIX AL XXI secolo<\/em>, Mondadori Education, 2015<\/li>\n\n\n\n<li>Don Felice Pozzo, &#8220;Dal mio diario&#8221;, in &#8220;Bollettino parrocchiale di Santa Maria della Motta &#8211; Cumiana&#8221;, Luglio 1945<\/li>\n\n\n\n<li>Gianni Oliva, La Resistenza alle porte di Torino, Franco Angeli, Milano, 1989<\/li>\n\n\n\n<li>Guido Quazza, Un diario partigiano, sta in: Guido Quazza, &#8220;La Resistenza italiana. Appunti e documenti&#8221;, Torino, ed. Giappichelli, 1966<\/li>\n\n\n\n<li>Gianni Oliva &#8220;La resa dei conti&#8221;, Milano, Mondadori, 1999<\/li>\n\n\n\n<li>Gian Vittorio Avondo, e altri, &#8220;Sui sentieri dei partigiani&#8221;, Torino, CDA, 1995<\/li>\n<\/ul>\n\n\n\n<p>Sitografia:<\/p>\n\n\n\n<ul class=\"wp-block-list\">\n<li><a href=\"https:\/\/it.wikipedia.org\/wiki\/Strage_di_Cumiana\">Strage di Cumiana &#8211; Wikipedia<\/a><\/li>\n\n\n\n<li><em><a href=\"https:\/\/archiviodistatotorino.beniculturali.it\"><\/a><a href=\"https:\/\/archiviodistatotorino.beniculturali.it\/?s=cumiana&amp;post_type%5B%5D=any&amp;search_limit_to_post_titles=0&amp;fs=1\">Cumiana | Archivio di Stato di Torino (beniculturali.it)<\/a><\/em><\/li>\n\n\n\n<li><a href=\"https:\/\/www.straginazifasciste.it\/?page_id=363\">https:\/\/www.straginazifasciste.it\/?page_id=363<\/a><\/li>\n\n\n\n<li><a href=\"https:\/\/memorialcumiana.it\/luoghi.html\">https:\/\/memorialcumiana.it\/luoghi.html<\/a><\/li>\n<\/ul>\n","protected":false},"excerpt":{"rendered":"<p>I monumenti, dedicati a perenne memoria dei Caduti di Cumiana, si trovano all\u2019interno dei giardini pubblici in prossimit\u00e0 del Municipio. Il primo \u00e8 posto su un piedistallo a gradoni, dove \u00e8 collocata un\u2019alta stele, che funge da sostegno per la statua in bronzo, raffigurante la Patria, nell\u2019atto di porgere un omaggio floreale ai Caduti (i [&hellip;]<\/p>\n","protected":false},"author":2,"featured_media":0,"parent":0,"menu_order":0,"comment_status":"closed","ping_status":"closed","template":"","meta":{"_kadence_starter_templates_imported_post":false,"footnotes":""},"class_list":["post-191","page","type-page","status-publish","hentry"],"_links":{"self":[{"href":"https:\/\/percorsipinerolo.it\/youthplus\/index.php\/wp-json\/wp\/v2\/pages\/191","targetHints":{"allow":["GET"]}}],"collection":[{"href":"https:\/\/percorsipinerolo.it\/youthplus\/index.php\/wp-json\/wp\/v2\/pages"}],"about":[{"href":"https:\/\/percorsipinerolo.it\/youthplus\/index.php\/wp-json\/wp\/v2\/types\/page"}],"author":[{"embeddable":true,"href":"https:\/\/percorsipinerolo.it\/youthplus\/index.php\/wp-json\/wp\/v2\/users\/2"}],"replies":[{"embeddable":true,"href":"https:\/\/percorsipinerolo.it\/youthplus\/index.php\/wp-json\/wp\/v2\/comments?post=191"}],"version-history":[{"count":23,"href":"https:\/\/percorsipinerolo.it\/youthplus\/index.php\/wp-json\/wp\/v2\/pages\/191\/revisions"}],"predecessor-version":[{"id":2189,"href":"https:\/\/percorsipinerolo.it\/youthplus\/index.php\/wp-json\/wp\/v2\/pages\/191\/revisions\/2189"}],"wp:attachment":[{"href":"https:\/\/percorsipinerolo.it\/youthplus\/index.php\/wp-json\/wp\/v2\/media?parent=191"}],"curies":[{"name":"wp","href":"https:\/\/api.w.org\/{rel}","templated":true}]}}

<div class="wp-block-columns is-layout-flex wp-container-core-columns-is-layout-28f84493 wp-block-columns-is-layout-flex">
<div class="wp-block-column is-layout-flow wp-block-column-is-layout-flow">
<p></p>



<div class="wp-block-columns is-layout-flex wp-container-core-columns-is-layout-28f84493 wp-block-columns-is-layout-flex">
<div class="wp-block-column is-layout-flow wp-block-column-is-layout-flow">
<figure class="wp-block-image size-full is-resized"><img loading="lazy" decoding="async" width="474" height="299" src="https://percorsipinerolo.it/youthplus/wp-content/uploads/2024/05/O1.jpeg" alt="" class="wp-image-1897" style="width:340px;height:auto" srcset="https://percorsipinerolo.it/youthplus/wp-content/uploads/2024/05/O1.jpeg 474w, https://percorsipinerolo.it/youthplus/wp-content/uploads/2024/05/O1-300x189.jpeg 300w" sizes="auto, (max-width: 474px) 100vw, 474px" /><figcaption class="wp-element-caption"><em>Immagine del monumento in onore ai caduti, a Cumiana, foto scattata intorno alla metà del 1900</em></figcaption></figure>
</div>



<div class="wp-block-column is-layout-flow wp-block-column-is-layout-flow">
<figure class="wp-block-image size-full is-resized"><img loading="lazy" decoding="async" width="1024" height="683" src="https://percorsipinerolo.it/youthplus/wp-content/uploads/2024/05/O2.jpg" alt="" class="wp-image-1899" style="width:339px;height:auto" srcset="https://percorsipinerolo.it/youthplus/wp-content/uploads/2024/05/O2.jpg 1024w, https://percorsipinerolo.it/youthplus/wp-content/uploads/2024/05/O2-300x200.jpg 300w, https://percorsipinerolo.it/youthplus/wp-content/uploads/2024/05/O2-768x512.jpg 768w" sizes="auto, (max-width: 1024px) 100vw, 1024px" /><figcaption class="wp-element-caption"><em>Immagine del monumento in onore ai caduti, a Cumiana, foto di oggi</em></figcaption></figure>
</div>
</div>
</div>
</div>



<p>I monumenti, dedicati a perenne memoria dei Caduti di Cumiana, si trovano all’interno dei giardini pubblici in prossimità del Municipio. Il primo è posto su un piedistallo a gradoni, dove è collocata un’alta stele, che funge da sostegno per la statua in bronzo, raffigurante la Patria, nell’atto di porgere un omaggio floreale ai Caduti (i cui nomi sono elencati nella lastra in marmo sottostante),  mentre nell’altra mano regge una allegoria della Vittoria.</p>



<p></p>



<div class="wp-block-columns is-layout-flex wp-container-core-columns-is-layout-28f84493 wp-block-columns-is-layout-flex">
<div class="wp-block-column is-layout-flow wp-block-column-is-layout-flow">
<figure class="wp-block-image size-full is-resized"><img loading="lazy" decoding="async" width="606" height="960" src="https://percorsipinerolo.it/youthplus/wp-content/uploads/2024/05/image-5.png" alt="" class="wp-image-1775" style="width:322px;height:auto" srcset="https://percorsipinerolo.it/youthplus/wp-content/uploads/2024/05/image-5.png 606w, https://percorsipinerolo.it/youthplus/wp-content/uploads/2024/05/image-5-189x300.png 189w" sizes="auto, (max-width: 606px) 100vw, 606px" /><figcaption class="wp-element-caption"><em>Immagine della lapide in onore ai caduti <br>situata nei giardini Walter Tassone</em></figcaption></figure>
</div>



<div class="wp-block-column is-layout-flow wp-block-column-is-layout-flow">
<p>L’opera del 1922 porta la firma dello scultore senese Guido Bianconi. Ai due lati del basamento sono collocate le lastre con i nomi dei Caduti militari, civili e partigiani della Seconda guerra mondiale. Sono inoltre presenti due targhe per il Centenario della prima guerra mondiale, 2014-18, e per il Restauro del 2021.</p>



<p>Il secondo invece, rappresentato da una lastra lineare&nbsp; in pietra, riporta l’elenco dei nomi dei Caduti della Grande Guerra.</p>



<p>Tra questi nomi risalta quello di Giovanni Daghero, chiamato Lupo, Nato il 29 Maggio 1924 e residente a Cumiana. Era il comandante di una banda partigiana della Val Chisone e gli venne conferita una Medaglia d&#8217;argento al valore e ricordato poi su una lapide a Cumiana. </p>
</div>
</div>



<p><strong><em>GEOLOCALIZZAZIONE:</em></strong></p>



<div class="wp-block-columns is-layout-flex wp-container-core-columns-is-layout-28f84493 wp-block-columns-is-layout-flex">
<div class="wp-block-column is-layout-flow wp-block-column-is-layout-flow">
<p>Qui a destra si vede il tracciato dell’ IT04.2 Cumiana e questo punto di interesse ne rappresenta la prima tappa!</p>
</div>



<div class="wp-block-column is-layout-flow wp-block-column-is-layout-flow">
<p class="has-text-align-center"></p>



<iframe loading="lazy" width="100%" height="300px" frameborder="0" allowfullscreen="" allow="geolocation" src="//umap.openstreetmap.fr/it/map/itinerari-della-resistenza_1033923?scaleControl=false&amp;miniMap=false&amp;scrollWheelZoom=false&amp;zoomControl=true&amp;editMode=disabled&amp;moreControl=true&amp;searchControl=null&amp;tilelayersControl=null&amp;embedControl=null&amp;datalayersControl=true&amp;onLoadPanel=none&amp;captionBar=false&amp;captionMenus=true&amp;datalayers=621ceedf-d834-43ea-89de-4565fb798baf%2C91669e87-418b-4a75-928c-cdcb3c60ad62#13/44.9822/7.3733"></iframe>
</div>
</div>



<p><strong><em>RIFERIMENTI BIBLIOGRAFICI ESSENZIALI:</em></strong></p>



<p>Bibliografia: </p>



<ul class="wp-block-list">
<li>Marco Comello,<em> Covo di banditi &#8211; Resistenza a Cumiana tra cronaca e storia</em>, Alzani Editore Pinerolo, 1998</li>



<li>Diego Vaschetto, SUI SENTIERI DELLA LIBERTA&#8217;, Edizioni del Capricorno, Torino, 2018</li>



<li>AA.VV., <em>NON CHIAMATEMI POVERO / 2</em>, Alzani, Pinerolo, 1996</li>



<li>Bruno Mondadori, <em>Capire la storia</em>, Edizioni Scolastiche Bruno Mondadori, 2012</li>



<li>Fulvio Cammarano,<em> Storia contemporanea &#8211; Dal XIX AL XXI secolo</em>, Mondadori Education, 2015</li>



<li>Don Felice Pozzo, &#8220;Dal mio diario&#8221;, in &#8220;Bollettino parrocchiale di Santa Maria della Motta &#8211; Cumiana&#8221;, Luglio 1945</li>



<li>Gianni Oliva, La Resistenza alle porte di Torino, Franco Angeli, Milano, 1989</li>



<li>Guido Quazza, Un diario partigiano, sta in: Guido Quazza, &#8220;La Resistenza italiana. Appunti e documenti&#8221;, Torino, ed. Giappichelli, 1966</li>



<li>Gianni Oliva &#8220;La resa dei conti&#8221;, Milano, Mondadori, 1999</li>



<li>Gian Vittorio Avondo, e altri, &#8220;Sui sentieri dei partigiani&#8221;, Torino, CDA, 1995</li>
</ul>



<p>Sitografia:</p>



<ul class="wp-block-list">
<li><a href="https://it.wikipedia.org/wiki/Strage_di_Cumiana">Strage di Cumiana &#8211; Wikipedia</a></li>



<li><em><a href="https://archiviodistatotorino.beniculturali.it"></a><a href="https://archiviodistatotorino.beniculturali.it/?s=cumiana&amp;post_type%5B%5D=any&amp;search_limit_to_post_titles=0&amp;fs=1">Cumiana | Archivio di Stato di Torino (beniculturali.it)</a></em></li>



<li><a href="https://www.straginazifasciste.it/?page_id=363">https://www.straginazifasciste.it/?page_id=363</a></li>



<li><a href="https://memorialcumiana.it/luoghi.html">https://memorialcumiana.it/luoghi.html</a></li>
</ul>

<p>I monumenti, dedicati a perenne memoria dei Caduti di Cumiana, si trovano all’interno dei giardini pubblici in prossimità del Municipio. Il primo è posto su un piedistallo a gradoni, dove è collocata un’alta stele, che funge da sostegno per la statua in bronzo, raffigurante la Patria, nell’atto di porgere un omaggio floreale ai Caduti (i [&hellip;]</p>
