{"id":167,"date":"2024-04-23T18:34:55","date_gmt":"2024-04-23T18:34:55","guid":{"rendered":"https:\/\/percorsipinerolo.it\/youthplus\/?page_id=167"},"modified":"2024-05-11T13:02:57","modified_gmt":"2024-05-11T13:02:57","slug":"it02-i-luoghi-della-memoria","status":"publish","type":"page","link":"https:\/\/percorsipinerolo.it\/youthplus\/index.php\/it02-i-luoghi-della-memoria\/","title":{"rendered":"IT02 &#8211; I luoghi della memoria"},"content":{"rendered":"\n<div class=\"wp-block-columns is-layout-flex wp-container-core-columns-is-layout-28f84493 wp-block-columns-is-layout-flex\">\n<div class=\"wp-block-column is-layout-flow wp-block-column-is-layout-flow\">\n<figure class=\"wp-block-image aligncenter size-full is-resized\"><img loading=\"lazy\" decoding=\"async\" width=\"1024\" height=\"681\" src=\"https:\/\/percorsipinerolo.it\/youthplus\/wp-content\/uploads\/2024\/05\/ALPINI-1.jpg\" alt=\"\" class=\"wp-image-1767\" style=\"width:300px;height:auto\" srcset=\"https:\/\/percorsipinerolo.it\/youthplus\/wp-content\/uploads\/2024\/05\/ALPINI-1.jpg 1024w, https:\/\/percorsipinerolo.it\/youthplus\/wp-content\/uploads\/2024\/05\/ALPINI-1-300x200.jpg 300w, https:\/\/percorsipinerolo.it\/youthplus\/wp-content\/uploads\/2024\/05\/ALPINI-1-768x511.jpg 768w\" sizes=\"auto, (max-width: 1024px) 100vw, 1024px\" \/><\/figure>\n<\/div>\n\n\n\n<div class=\"wp-block-column is-layout-flow wp-block-column-is-layout-flow\">\n<p>Nella storia della Resistenza nel pinerolese emerge una particolarit\u00e0: la presenza di formazioni partigiane appartenenti a diverse aree ideologiche (comuniste, azioniste e autonome) gi\u00e0 nei primi giorni successivi all&#8217;8 settembre 1943, giorno in cui venne reso pubblico l&#8217;armistizio, firmato il 3 settembre a Cassibile tra l&#8217;Italia e gli Alleati.&nbsp; <\/p>\n<\/div>\n<\/div>\n\n\n\n<p>Posizionatisi sui monti che circondano Pinerolo, i partigiani opposero una notevole resistenza ai nazisti, riuscendo a ottenere il controllo&nbsp; di alcune zone (come la Val Pellice e soprattutto la Val Chisone)<\/p>\n\n\n\n<p>La storia della Resistenza nel Pinerolese richiede una considerazione attenta alle specificit\u00e0 di ciascuna delle valli che confluiscono nella citt\u00e0 subalpina. Queste specificit\u00e0 consistono nella conformazione del territorio, nelle opportunit\u00e0 strategiche per ottenere supporto dalla popolazione, ma soprattutto nella storia e nella cultura dei valligiani che scelsero di combattere contro il nazifascismo.<\/p>\n\n\n\n<p>Mentre il generale Bard\u00f2 apr\u00ec le porte di&nbsp; Pinerolo ai tedeschi, nacque il primo Comitato clandestino formato da uomini di diversa tendenza politica (tra i quali Barbieri, Giustetto, Tajo, Balcet, Chiappero) che condividono il desiderio di libert\u00e0 e di democrazia. La zona di Prarostino (tra le valli Chisone e Pellice) a San Bartolomeo, offr\u00ec rifugio ai primi gruppi di resistenti e militari, tra i quali il capitano Gioacchino Matteis e i tenenti Sansone e Arca.<\/p>\n\n\n\n<p>&nbsp;Nel settembre del 1943 Pinerolo fu occupata da reparti tedeschi e divenne sede di comando territoriale della Wehrmacht. Per contrastare il movimento partigiano nelle valli, alla fine del 1944, divenne sede del comando delle SS italiane e di un distaccamento della Brigata nera di Torino, controllata dai fascisti locali.<\/p>\n\n\n\n<p>&nbsp;Pinerolo inoltre \u00e8 la citt\u00e0 natale di Luigi Facta che ha ricoperto, per ultimo, l\u2019incarico di Presidente del Consiglio dei ministri prima del governo Mussolini e del capo della Resistenza Ferruccio Parri (che adott\u00f2 il nome di combattimento Maurizio in onore della collina di San Maurizio),&nbsp; presidente del Consiglio dall\u2019 aprile al dicembre 1945.<\/p>\n\n\n\n<p>Il tema \u201cLuoghi della memoria\u201d \u00e8 legato alle vicende storiche di Pinerolo, una citt\u00e0 fondamentale per quanto riguarda il periodo della Resistenza partigiana. Lo scopo dell\u2019itinerario \u00e8 ricordare e cercare di ricostruire alcuni avvenimenti di quel periodo, attraverso le testimonianze di persone che hanno avuto un&nbsp; ruolo chiave nella costruzione dell&#8217;Italia libera e democratica in cui viviamo oggi.<\/p>\n\n\n\n<p><strong>Geolocalizzazione<\/strong><\/p>\n\n\n\n<div class=\"wp-block-columns is-layout-flex wp-container-core-columns-is-layout-28f84493 wp-block-columns-is-layout-flex\">\n<div class=\"wp-block-column is-layout-flow wp-block-column-is-layout-flow\">\n<ul class=\"wp-block-list\">\n<li>punto di partenza: <a href=\"https:\/\/percorsipinerolo.it\/youthplus\/index.php\/it02-01\/\" data-type=\"page\" data-id=\"933\">Targa dedicata a Carlo e Nello Rosselli<\/a> (angolo Via Fratelli Rosselli e Via Montegrappa, 10060, Pinerolo (TO))<\/li>\n\n\n\n<li>punto di arrivo: <a href=\"https:\/\/percorsipinerolo.it\/youthplus\/index.php\/it02-11\/\" data-type=\"page\" data-id=\"953\">Pietra di inciampo in memoria di Luigi Cesare Grosso Campana<\/a> (Via Palestro 8, 10060, Pinerolo (TO))<\/li>\n\n\n\n<li>lunghezza del tragitto: &#8230; km<\/li>\n\n\n\n<li>tempo di percorrenza a piedi: 58 minuti (+ 44 minuti totali di lettura stimati)<\/li>\n\n\n\n<li>tempo di percorrenza in bici: 19 minuti (+ 55 minuti totali di lettura stimati)<\/li>\n\n\n\n<li>dislivello: &#8230; m in salita, &#8230; m in discesa<\/li>\n<\/ul>\n<\/div>\n\n\n\n<div class=\"wp-block-column is-layout-flow wp-block-column-is-layout-flow\">\n<p class=\"has-text-align-center\"><\/p>\n\n\n\n<iframe loading=\"lazy\" width=\"100%\" height=\"300px\" frameborder=\"0\" allowfullscreen allow=\"geolocation\" src=\"\/\/umap.openstreetmap.fr\/it\/map\/itinerari-della-resistenza_1031082?scaleControl=false&#038;miniMap=false&#038;scrollWheelZoom=false&#038;zoomControl=true&#038;editMode=disabled&#038;moreControl=true&#038;searchControl=null&#038;tilelayersControl=null&#038;embedControl=null&#038;datalayersControl=true&#038;onLoadPanel=none&#038;captionBar=false&#038;captionMenus=true&#038;datalayers=7aaf7ee9-e8b8-4115-acf2-c922dc18f29d%2C93ec03a1-f334-41f7-b18c-04c73e3fa688#15\/44.8858\/7.3318\"><\/iframe><p><a href=\"\/\/umap.openstreetmap.fr\/it\/map\/itinerari-della-resistenza_1031082?scaleControl=false&#038;miniMap=false&#038;scrollWheelZoom=true&#038;zoomControl=true&#038;editMode=disabled&#038;moreControl=true&#038;searchControl=null&#038;tilelayersControl=null&#038;embedControl=null&#038;datalayersControl=true&#038;onLoadPanel=none&#038;captionBar=false&#038;captionMenus=true&#038;datalayers=7aaf7ee9-e8b8-4115-acf2-c922dc18f29d%2C93ec03a1-f334-41f7-b18c-04c73e3fa688#15\/44.8858\/7.3318\">Visualizza a schermo intero<\/a><\/p>\n<\/div>\n<\/div>\n\n\n\n<p><strong>Elenco dei punti di interesse:<\/strong><\/p>\n\n\n\n<ul class=\"wp-block-list\">\n<li>Prima tappa: <a href=\"https:\/\/percorsipinerolo.it\/youthplus\/index.php\/it02-01\/\" data-type=\"page\" data-id=\"933\">Targa dedicata a Carlo e Nello Rosselli<\/a> (Via Fratelli Rosselli &amp; Via Montegrappa, 10060, Pinerolo (TO))<\/li>\n\n\n\n<li>Seconda tappa: <a href=\"https:\/\/percorsipinerolo.it\/youthplus\/index.php\/it02-02\/\" data-type=\"page\" data-id=\"935\">Monumento dedicato ai caduti nella Prima Guerra<\/a> (Piazza III Alpini, 10060, Pinerolo (TO))<\/li>\n\n\n\n<li>Terza tappa: <a href=\"https:\/\/percorsipinerolo.it\/youthplus\/index.php\/it02-03\/\" data-type=\"page\" data-id=\"937\">Lapide di Lorenzo Bianciotto<\/a> (Via Giuseppe Mazzini, 5, 10060, Pinerolo (TO))<\/li>\n\n\n\n<li>Quarta tappa:<a href=\"https:\/\/percorsipinerolo.it\/youthplus\/index.php\/it02_04-monumento\/\" data-type=\"page\" data-id=\"1769\"> Monumento dedicato ai caduti pinerolesi nei campi di prigionia nazisti<\/a> (Viale Savorgnan D\u2019Osoppo &amp; Via G.B. Rossi, 10060, Pinerolo (TO))<\/li>\n\n\n\n<li>Quinta tappa: <a href=\"https:\/\/percorsipinerolo.it\/youthplus\/index.php\/it02-05\/\" data-type=\"page\" data-id=\"941\">Targa in memoria di Luigi Tessore e Pietro De Bernard<\/a> (Vicolo Carceri, 14, 10060, Pinerolo (TO))<\/li>\n\n\n\n<li>Sesta tappa: <a href=\"https:\/\/percorsipinerolo.it\/youthplus\/index.php\/it02-06\/\" data-type=\"page\" data-id=\"943\">Lapide di Domenico Schierano<\/a> (Corso Porporato, 3, 10060, Pinerolo (TO))<\/li>\n\n\n\n<li>Settima tappa: <a href=\"https:\/\/percorsipinerolo.it\/youthplus\/index.php\/it02-07\/\" data-type=\"page\" data-id=\"945\">Monumento dedicato ai caduti<\/a> (Via Cesare Battisti, 11, 10060, Pinerolo (TO))<\/li>\n\n\n\n<li>Ottava tappa: <a href=\"https:\/\/percorsipinerolo.it\/youthplus\/index.php\/it02-08\/\" data-type=\"page\" data-id=\"947\">Lapide di Sebastiano Speranza<\/a> (Piazza Giuseppe Garibaldi (in corrispondenza dell\u2019ingresso della stazione ferroviaria), 10060, Pinerolo (TO))<\/li>\n\n\n\n<li>Nona tappa: <a href=\"https:\/\/percorsipinerolo.it\/youthplus\/index.php\/it02-09\/\" data-type=\"page\" data-id=\"949\">Lapide di Ricca Guido, Peyrot Renato e Gatto Riccardo<\/a> (Viale Mamiani, 15, 10060, Pinerolo (TO))<\/li>\n\n\n\n<li>Decima tappa: <a href=\"https:\/\/percorsipinerolo.it\/youthplus\/index.php\/it02-10\/\" data-type=\"page\" data-id=\"951\">Pietro di inciampo in memoria di Giuseppe Chiappero<\/a> (Via Buniva, 54, 10060, Pinerolo (TO))<\/li>\n\n\n\n<li>Undicesima tappa: <a href=\"https:\/\/percorsipinerolo.it\/youthplus\/index.php\/it02-11\/\" data-type=\"page\" data-id=\"953\">Pietra di inciampo in memoria di Luigi Cesare Grosso Campana<\/a> (Via Palestro, 8, 10060, Pinerolo (TO))<\/li>\n<\/ul>\n\n\n\n<p>Riferimenti bibliografici essenziali:<\/p>\n\n\n\n<ul class=\"wp-block-list\">\n<li><a href=\"http:\/\/www.archiviolastampa.it\/\">http:\/\/www.archiviolastampa.it\/<\/a><\/li>\n\n\n\n<li><a href=\"http:\/\/intranet.istoreto.it\/partigianato\/default.asp\">http:\/\/intranet.istoreto.it\/partigianato\/default.asp<\/a><\/li>\n\n\n\n<li><a href=\"https:\/\/www.comune.pinerolo.to.it\/cd\/resistenza\/Resistenza.html\">https:\/\/www.comune.pinerolo.to.it\/cd\/resistenza\/Resistenza.html<\/a><\/li>\n\n\n\n<li><a href=\"https:\/\/www.pietredellamemoria.it\/pietre\/monumento-ai-caduti-di-tutte-le-guerre-5\/\">https:\/\/www.pietredellamemoria.it\/pietre\/monumento-ai-caduti-di-tutte-le-guerre-5\/<\/a><\/li>\n\n\n\n<li><a href=\"http:\/\/www.sentieriresistenti.org\/\">http:\/\/www.sentieriresistenti.org\/<\/a><\/li>\n\n\n\n<li>ISTITUTO PIEMONTESE PER LA STORIA DELLA RESISTENZA \u201cGIORGIO AGOSTI\u201d, <em>Una Guida<\/em> <em>per la memoria, Luoghi della guerra e della Resistenza nella provincia di Torino<\/em>, Blu edizioni, San Mauro (TO),&nbsp; 2007<\/li>\n\n\n\n<li>CITTA&#8217; DI PINEROLO, <em>Non chiamatemi povero \/2<\/em>, Pinerolo (TO), 1996<\/li>\n<\/ul>\n","protected":false},"excerpt":{"rendered":"<p>Nella storia della Resistenza nel pinerolese emerge una particolarit\u00e0: la presenza di formazioni partigiane appartenenti a diverse aree ideologiche (comuniste, azioniste e autonome) gi\u00e0 nei primi giorni successivi all&#8217;8 settembre 1943, giorno in cui venne reso pubblico l&#8217;armistizio, firmato il 3 settembre a Cassibile tra l&#8217;Italia e gli Alleati.&nbsp; Posizionatisi sui monti che circondano Pinerolo, [&hellip;]<\/p>\n","protected":false},"author":2,"featured_media":0,"parent":0,"menu_order":0,"comment_status":"closed","ping_status":"closed","template":"","meta":{"_kadence_starter_templates_imported_post":false,"footnotes":""},"class_list":["post-167","page","type-page","status-publish","hentry"],"_links":{"self":[{"href":"https:\/\/percorsipinerolo.it\/youthplus\/index.php\/wp-json\/wp\/v2\/pages\/167","targetHints":{"allow":["GET"]}}],"collection":[{"href":"https:\/\/percorsipinerolo.it\/youthplus\/index.php\/wp-json\/wp\/v2\/pages"}],"about":[{"href":"https:\/\/percorsipinerolo.it\/youthplus\/index.php\/wp-json\/wp\/v2\/types\/page"}],"author":[{"embeddable":true,"href":"https:\/\/percorsipinerolo.it\/youthplus\/index.php\/wp-json\/wp\/v2\/users\/2"}],"replies":[{"embeddable":true,"href":"https:\/\/percorsipinerolo.it\/youthplus\/index.php\/wp-json\/wp\/v2\/comments?post=167"}],"version-history":[{"count":9,"href":"https:\/\/percorsipinerolo.it\/youthplus\/index.php\/wp-json\/wp\/v2\/pages\/167\/revisions"}],"predecessor-version":[{"id":1941,"href":"https:\/\/percorsipinerolo.it\/youthplus\/index.php\/wp-json\/wp\/v2\/pages\/167\/revisions\/1941"}],"wp:attachment":[{"href":"https:\/\/percorsipinerolo.it\/youthplus\/index.php\/wp-json\/wp\/v2\/media?parent=167"}],"curies":[{"name":"wp","href":"https:\/\/api.w.org\/{rel}","templated":true}]}}

<div class="wp-block-columns is-layout-flex wp-container-core-columns-is-layout-28f84493 wp-block-columns-is-layout-flex">
<div class="wp-block-column is-layout-flow wp-block-column-is-layout-flow">
<figure class="wp-block-image aligncenter size-full is-resized"><img loading="lazy" decoding="async" width="1024" height="681" src="https://percorsipinerolo.it/youthplus/wp-content/uploads/2024/05/ALPINI-1.jpg" alt="" class="wp-image-1767" style="width:300px;height:auto" srcset="https://percorsipinerolo.it/youthplus/wp-content/uploads/2024/05/ALPINI-1.jpg 1024w, https://percorsipinerolo.it/youthplus/wp-content/uploads/2024/05/ALPINI-1-300x200.jpg 300w, https://percorsipinerolo.it/youthplus/wp-content/uploads/2024/05/ALPINI-1-768x511.jpg 768w" sizes="auto, (max-width: 1024px) 100vw, 1024px" /></figure>
</div>



<div class="wp-block-column is-layout-flow wp-block-column-is-layout-flow">
<p>Nella storia della Resistenza nel pinerolese emerge una particolarità: la presenza di formazioni partigiane appartenenti a diverse aree ideologiche (comuniste, azioniste e autonome) già nei primi giorni successivi all&#8217;8 settembre 1943, giorno in cui venne reso pubblico l&#8217;armistizio, firmato il 3 settembre a Cassibile tra l&#8217;Italia e gli Alleati.&nbsp; </p>
</div>
</div>



<p>Posizionatisi sui monti che circondano Pinerolo, i partigiani opposero una notevole resistenza ai nazisti, riuscendo a ottenere il controllo&nbsp; di alcune zone (come la Val Pellice e soprattutto la Val Chisone)</p>



<p>La storia della Resistenza nel Pinerolese richiede una considerazione attenta alle specificità di ciascuna delle valli che confluiscono nella città subalpina. Queste specificità consistono nella conformazione del territorio, nelle opportunità strategiche per ottenere supporto dalla popolazione, ma soprattutto nella storia e nella cultura dei valligiani che scelsero di combattere contro il nazifascismo.</p>



<p>Mentre il generale Bardò aprì le porte di&nbsp; Pinerolo ai tedeschi, nacque il primo Comitato clandestino formato da uomini di diversa tendenza politica (tra i quali Barbieri, Giustetto, Tajo, Balcet, Chiappero) che condividono il desiderio di libertà e di democrazia. La zona di Prarostino (tra le valli Chisone e Pellice) a San Bartolomeo, offrì rifugio ai primi gruppi di resistenti e militari, tra i quali il capitano Gioacchino Matteis e i tenenti Sansone e Arca.</p>



<p>&nbsp;Nel settembre del 1943 Pinerolo fu occupata da reparti tedeschi e divenne sede di comando territoriale della Wehrmacht. Per contrastare il movimento partigiano nelle valli, alla fine del 1944, divenne sede del comando delle SS italiane e di un distaccamento della Brigata nera di Torino, controllata dai fascisti locali.</p>



<p>&nbsp;Pinerolo inoltre è la città natale di Luigi Facta che ha ricoperto, per ultimo, l’incarico di Presidente del Consiglio dei ministri prima del governo Mussolini e del capo della Resistenza Ferruccio Parri (che adottò il nome di combattimento Maurizio in onore della collina di San Maurizio),&nbsp; presidente del Consiglio dall’ aprile al dicembre 1945.</p>



<p>Il tema “Luoghi della memoria” è legato alle vicende storiche di Pinerolo, una città fondamentale per quanto riguarda il periodo della Resistenza partigiana. Lo scopo dell’itinerario è ricordare e cercare di ricostruire alcuni avvenimenti di quel periodo, attraverso le testimonianze di persone che hanno avuto un&nbsp; ruolo chiave nella costruzione dell&#8217;Italia libera e democratica in cui viviamo oggi.</p>



<p><strong>Geolocalizzazione</strong></p>



<div class="wp-block-columns is-layout-flex wp-container-core-columns-is-layout-28f84493 wp-block-columns-is-layout-flex">
<div class="wp-block-column is-layout-flow wp-block-column-is-layout-flow">
<ul class="wp-block-list">
<li>punto di partenza: <a href="https://percorsipinerolo.it/youthplus/index.php/it02-01/" data-type="page" data-id="933">Targa dedicata a Carlo e Nello Rosselli</a> (angolo Via Fratelli Rosselli e Via Montegrappa, 10060, Pinerolo (TO))</li>



<li>punto di arrivo: <a href="https://percorsipinerolo.it/youthplus/index.php/it02-11/" data-type="page" data-id="953">Pietra di inciampo in memoria di Luigi Cesare Grosso Campana</a> (Via Palestro 8, 10060, Pinerolo (TO))</li>



<li>lunghezza del tragitto: &#8230; km</li>



<li>tempo di percorrenza a piedi: 58 minuti (+ 44 minuti totali di lettura stimati)</li>



<li>tempo di percorrenza in bici: 19 minuti (+ 55 minuti totali di lettura stimati)</li>



<li>dislivello: &#8230; m in salita, &#8230; m in discesa</li>
</ul>
</div>



<div class="wp-block-column is-layout-flow wp-block-column-is-layout-flow">
<p class="has-text-align-center"></p>



<iframe loading="lazy" width="100%" height="300px" frameborder="0" allowfullscreen allow="geolocation" src="//umap.openstreetmap.fr/it/map/itinerari-della-resistenza_1031082?scaleControl=false&#038;miniMap=false&#038;scrollWheelZoom=false&#038;zoomControl=true&#038;editMode=disabled&#038;moreControl=true&#038;searchControl=null&#038;tilelayersControl=null&#038;embedControl=null&#038;datalayersControl=true&#038;onLoadPanel=none&#038;captionBar=false&#038;captionMenus=true&#038;datalayers=7aaf7ee9-e8b8-4115-acf2-c922dc18f29d%2C93ec03a1-f334-41f7-b18c-04c73e3fa688#15/44.8858/7.3318"></iframe><p><a href="//umap.openstreetmap.fr/it/map/itinerari-della-resistenza_1031082?scaleControl=false&#038;miniMap=false&#038;scrollWheelZoom=true&#038;zoomControl=true&#038;editMode=disabled&#038;moreControl=true&#038;searchControl=null&#038;tilelayersControl=null&#038;embedControl=null&#038;datalayersControl=true&#038;onLoadPanel=none&#038;captionBar=false&#038;captionMenus=true&#038;datalayers=7aaf7ee9-e8b8-4115-acf2-c922dc18f29d%2C93ec03a1-f334-41f7-b18c-04c73e3fa688#15/44.8858/7.3318">Visualizza a schermo intero</a></p>
</div>
</div>



<p><strong>Elenco dei punti di interesse:</strong></p>



<ul class="wp-block-list">
<li>Prima tappa: <a href="https://percorsipinerolo.it/youthplus/index.php/it02-01/" data-type="page" data-id="933">Targa dedicata a Carlo e Nello Rosselli</a> (Via Fratelli Rosselli &amp; Via Montegrappa, 10060, Pinerolo (TO))</li>



<li>Seconda tappa: <a href="https://percorsipinerolo.it/youthplus/index.php/it02-02/" data-type="page" data-id="935">Monumento dedicato ai caduti nella Prima Guerra</a> (Piazza III Alpini, 10060, Pinerolo (TO))</li>



<li>Terza tappa: <a href="https://percorsipinerolo.it/youthplus/index.php/it02-03/" data-type="page" data-id="937">Lapide di Lorenzo Bianciotto</a> (Via Giuseppe Mazzini, 5, 10060, Pinerolo (TO))</li>



<li>Quarta tappa:<a href="https://percorsipinerolo.it/youthplus/index.php/it02_04-monumento/" data-type="page" data-id="1769"> Monumento dedicato ai caduti pinerolesi nei campi di prigionia nazisti</a> (Viale Savorgnan D’Osoppo &amp; Via G.B. Rossi, 10060, Pinerolo (TO))</li>



<li>Quinta tappa: <a href="https://percorsipinerolo.it/youthplus/index.php/it02-05/" data-type="page" data-id="941">Targa in memoria di Luigi Tessore e Pietro De Bernard</a> (Vicolo Carceri, 14, 10060, Pinerolo (TO))</li>



<li>Sesta tappa: <a href="https://percorsipinerolo.it/youthplus/index.php/it02-06/" data-type="page" data-id="943">Lapide di Domenico Schierano</a> (Corso Porporato, 3, 10060, Pinerolo (TO))</li>



<li>Settima tappa: <a href="https://percorsipinerolo.it/youthplus/index.php/it02-07/" data-type="page" data-id="945">Monumento dedicato ai caduti</a> (Via Cesare Battisti, 11, 10060, Pinerolo (TO))</li>



<li>Ottava tappa: <a href="https://percorsipinerolo.it/youthplus/index.php/it02-08/" data-type="page" data-id="947">Lapide di Sebastiano Speranza</a> (Piazza Giuseppe Garibaldi (in corrispondenza dell’ingresso della stazione ferroviaria), 10060, Pinerolo (TO))</li>



<li>Nona tappa: <a href="https://percorsipinerolo.it/youthplus/index.php/it02-09/" data-type="page" data-id="949">Lapide di Ricca Guido, Peyrot Renato e Gatto Riccardo</a> (Viale Mamiani, 15, 10060, Pinerolo (TO))</li>



<li>Decima tappa: <a href="https://percorsipinerolo.it/youthplus/index.php/it02-10/" data-type="page" data-id="951">Pietro di inciampo in memoria di Giuseppe Chiappero</a> (Via Buniva, 54, 10060, Pinerolo (TO))</li>



<li>Undicesima tappa: <a href="https://percorsipinerolo.it/youthplus/index.php/it02-11/" data-type="page" data-id="953">Pietra di inciampo in memoria di Luigi Cesare Grosso Campana</a> (Via Palestro, 8, 10060, Pinerolo (TO))</li>
</ul>



<p>Riferimenti bibliografici essenziali:</p>



<ul class="wp-block-list">
<li><a href="http://www.archiviolastampa.it/">http://www.archiviolastampa.it/</a></li>



<li><a href="http://intranet.istoreto.it/partigianato/default.asp">http://intranet.istoreto.it/partigianato/default.asp</a></li>



<li><a href="https://www.comune.pinerolo.to.it/cd/resistenza/Resistenza.html">https://www.comune.pinerolo.to.it/cd/resistenza/Resistenza.html</a></li>



<li><a href="https://www.pietredellamemoria.it/pietre/monumento-ai-caduti-di-tutte-le-guerre-5/">https://www.pietredellamemoria.it/pietre/monumento-ai-caduti-di-tutte-le-guerre-5/</a></li>



<li><a href="http://www.sentieriresistenti.org/">http://www.sentieriresistenti.org/</a></li>



<li>ISTITUTO PIEMONTESE PER LA STORIA DELLA RESISTENZA “GIORGIO AGOSTI”, <em>Una Guida</em> <em>per la memoria, Luoghi della guerra e della Resistenza nella provincia di Torino</em>, Blu edizioni, San Mauro (TO),&nbsp; 2007</li>



<li>CITTA&#8217; DI PINEROLO, <em>Non chiamatemi povero /2</em>, Pinerolo (TO), 1996</li>
</ul>

<p>Nella storia della Resistenza nel pinerolese emerge una particolarità: la presenza di formazioni partigiane appartenenti a diverse aree ideologiche (comuniste, azioniste e autonome) già nei primi giorni successivi all&#8217;8 settembre 1943, giorno in cui venne reso pubblico l&#8217;armistizio, firmato il 3 settembre a Cassibile tra l&#8217;Italia e gli Alleati.&nbsp; Posizionatisi sui monti che circondano Pinerolo, [&hellip;]</p>
